{"id":88,"date":"2023-12-12T15:43:15","date_gmt":"2023-12-12T15:43:15","guid":{"rendered":"https:\/\/x.dorfgeschichte-mettmenstetten.ch\/?page_id=88"},"modified":"2023-12-12T15:46:59","modified_gmt":"2023-12-12T15:46:59","slug":"x1002","status":"publish","type":"page","link":"https:\/\/x.dorfgeschichte-mettmenstetten.ch\/index.php\/x1002\/","title":{"rendered":"X1002"},"content":{"rendered":"\n<div class=\"wp-block-columns is-layout-flex wp-container-core-columns-is-layout-7387b849 wp-block-columns-is-layout-flex\">\n<div class=\"wp-block-column is-layout-flow wp-block-column-is-layout-flow\" style=\"flex-basis:15%\"><\/div>\n\n\n\n<div class=\"wp-block-column is-layout-flow wp-block-column-is-layout-flow\" style=\"flex-basis:50%\">\n<p class=\"wp-block-paragraph\"><strong>Ausgangslage<\/strong><\/p>\n\n\n\n<p class=\"wp-block-paragraph\">Gesuch an das Bezirksgericht betreffend Versicherungsbrief.<\/p>\n\n\n\n<figure class=\"wp-block-gallery has-nested-images columns-4 is-cropped wp-block-gallery-1 is-layout-flex wp-block-gallery-is-layout-flex\">\n<figure class=\"wp-block-image size-large\"><a href=\"https:\/\/x.dorfgeschichte-mettmenstetten.ch\/wp-content\/uploads\/2023\/12\/X1002-Bezirksgericht-1853-001.jpg\" target=\"_blank\" rel=\"noreferrer noopener\"><img loading=\"lazy\" decoding=\"async\" width=\"574\" height=\"1024\" data-id=\"89\" src=\"https:\/\/x.dorfgeschichte-mettmenstetten.ch\/wp-content\/uploads\/2023\/12\/X1002-Bezirksgericht-1853-001-574x1024.jpg\" alt=\"\" class=\"wp-image-89\" srcset=\"https:\/\/x.dorfgeschichte-mettmenstetten.ch\/wp-content\/uploads\/2023\/12\/X1002-Bezirksgericht-1853-001-574x1024.jpg 574w, https:\/\/x.dorfgeschichte-mettmenstetten.ch\/wp-content\/uploads\/2023\/12\/X1002-Bezirksgericht-1853-001-168x300.jpg 168w, https:\/\/x.dorfgeschichte-mettmenstetten.ch\/wp-content\/uploads\/2023\/12\/X1002-Bezirksgericht-1853-001-768x1369.jpg 768w, https:\/\/x.dorfgeschichte-mettmenstetten.ch\/wp-content\/uploads\/2023\/12\/X1002-Bezirksgericht-1853-001-861x1536.jpg 861w, https:\/\/x.dorfgeschichte-mettmenstetten.ch\/wp-content\/uploads\/2023\/12\/X1002-Bezirksgericht-1853-001-1149x2048.jpg 1149w, https:\/\/x.dorfgeschichte-mettmenstetten.ch\/wp-content\/uploads\/2023\/12\/X1002-Bezirksgericht-1853-001.jpg 1406w\" sizes=\"auto, (max-width: 574px) 100vw, 574px\" \/><\/a><\/figure>\n\n\n\n<figure class=\"wp-block-image size-large\"><a href=\"https:\/\/x.dorfgeschichte-mettmenstetten.ch\/wp-content\/uploads\/2023\/12\/X1002-Bezirksgericht-1853-002.jpg\" target=\"_blank\" rel=\"noreferrer noopener\"><img loading=\"lazy\" decoding=\"async\" width=\"721\" height=\"1024\" data-id=\"90\" src=\"https:\/\/x.dorfgeschichte-mettmenstetten.ch\/wp-content\/uploads\/2023\/12\/X1002-Bezirksgericht-1853-002-721x1024.jpg\" alt=\"\" class=\"wp-image-90\" srcset=\"https:\/\/x.dorfgeschichte-mettmenstetten.ch\/wp-content\/uploads\/2023\/12\/X1002-Bezirksgericht-1853-002-721x1024.jpg 721w, https:\/\/x.dorfgeschichte-mettmenstetten.ch\/wp-content\/uploads\/2023\/12\/X1002-Bezirksgericht-1853-002-211x300.jpg 211w, https:\/\/x.dorfgeschichte-mettmenstetten.ch\/wp-content\/uploads\/2023\/12\/X1002-Bezirksgericht-1853-002-768x1090.jpg 768w, https:\/\/x.dorfgeschichte-mettmenstetten.ch\/wp-content\/uploads\/2023\/12\/X1002-Bezirksgericht-1853-002-1082x1536.jpg 1082w, https:\/\/x.dorfgeschichte-mettmenstetten.ch\/wp-content\/uploads\/2023\/12\/X1002-Bezirksgericht-1853-002-1443x2048.jpg 1443w, https:\/\/x.dorfgeschichte-mettmenstetten.ch\/wp-content\/uploads\/2023\/12\/X1002-Bezirksgericht-1853-002.jpg 1535w\" sizes=\"auto, (max-width: 721px) 100vw, 721px\" \/><\/a><\/figure>\n<\/figure>\n\n\n\n<div style=\"height:51px\" aria-hidden=\"true\" class=\"wp-block-spacer\"><\/div>\n\n\n\n<p class=\"wp-block-paragraph\"><strong>\u00dcbersetzung<\/strong>: <em> maschinell <\/em><\/p>\n\n\n\n<p class=\"wp-block-paragraph\">Das Bezirbsgericht Affolern hat Nach Einsicht eines Beschlusses der Oberger\u00f6ster vom 25 Juni d. J. aus dem<br>sich ergeben:<br>Auf Ansuchen des Heinrich H\u00e4berling B\u00e4cker in Untermettmenst\u00e4tten werde, noch fruchtlos gebliebenem Aufrufe des Versicherungsbriefes 600 fe auf Meister Jakob Kleiner Feboben sel. gut. Knaben in Untermettmenstetten, die\u00dfmaligen Wirth, Gastgeb. zu Knonau zu Gunstensamer Ehefrau Barbara geb. Gallmann von Herferschweil d. d. 9 Herstewert<br>1750.<br>Das Bezirbsgericht erm\u00e4chtigt fragliche Schuldungbunde f\u00fcr kraftlos zu erkl\u00e4ren oder Notarialskanzlei zu beauftragen sein Protokoll zu l\u00f6pfen; mit Einmuth beschlossen:<\/p>\n\n\n\n<ol class=\"wp-block-list\">\n<li>Sie hievon an Protokoll Vormerkung zu macht.<\/li>\n\n\n\n<li>Sei die fr\u00f6gl. Schuldurkunde an Amtsblatt u. Landboten v. Anzeiger aus dem Bezirke Affoltern f\u00fcr kraftlos zu erkl\u00e4ren;<\/li>\n\n\n\n<li>Sei die Notariatskanzlei beauftragt, dieselbe unter Beobachtung der hierauf bez\u00fcglichen Bestimmung der obergerichtlichen Verordnung von 14. Mai 1840. im Protokoll zu l\u00f6schen; \u2014<\/li>\n\n\n\n<li>Mittheilung an den Patenten von die Notarialskanzley Bernau an Letztere unter Gestellung einer<br>Abschrift des obergerichtlichen Beschlusses.<br>Geschehen Affoltern den 9 Julj 1853<br>Kanzlei des Bezirksgerichtes,<br>Rechnung. Der Gerichtsschreiber. die Noten vom 11. Juni 53 betr\u00e4gt 22 fr 27 rt<br>hiezu kommen es entstand. Kostl.3,07&#8243; Ausfertiggegese &amp; Expe. Insectionskoste und Portr. 7\u201e 2\u201e 32 fr 36 rt<br>Unterm 12. Dezember 52 werden 30 &#8220; &#8211; Reponirt 2 fr 36 rthl Petret bleibt somit noch schuldig,<\/li>\n<\/ol>\n<\/div>\n\n\n\n<div class=\"wp-block-column is-layout-flow wp-block-column-is-layout-flow\" style=\"flex-basis:25%\"><\/div>\n<\/div>\n","protected":false},"excerpt":{"rendered":"<p>Ausgangslage Gesuch an das Bezirksgericht betreffend Versicherungsbrief. \u00dcbersetzung: maschinell Das Bezirbsgericht Affolern hat Nach Einsicht eines Beschlusses der Oberger\u00f6ster vom 25 Juni d. J. aus demsich ergeben:Auf Ansuchen des Heinrich H\u00e4berling B\u00e4cker in Untermettmenst\u00e4tten werde, noch fruchtlos gebliebenem Aufrufe des Versicherungsbriefes 600 fe auf Meister Jakob Kleiner Feboben sel. gut. Knaben in Untermettmenstetten, die\u00dfmaligen Wirth, [&hellip;]<\/p>\n","protected":false},"author":2,"featured_media":0,"parent":0,"menu_order":0,"comment_status":"closed","ping_status":"closed","template":"","meta":{"site-sidebar-layout":"default","site-content-layout":"","ast-site-content-layout":"default","site-content-style":"default","site-sidebar-style":"default","ast-global-header-display":"","ast-banner-title-visibility":"","ast-main-header-display":"","ast-hfb-above-header-display":"","ast-hfb-below-header-display":"","ast-hfb-mobile-header-display":"","site-post-title":"disabled","ast-breadcrumbs-content":"","ast-featured-img":"","footer-sml-layout":"","theme-transparent-header-meta":"","adv-header-id-meta":"","stick-header-meta":"","header-above-stick-meta":"","header-main-stick-meta":"","header-below-stick-meta":"","astra-migrate-meta-layouts":"","ast-page-background-enabled":"default","ast-page-background-meta":{"desktop":{"background-color":"var(--ast-global-color-4)","background-image":"","background-repeat":"repeat","background-position":"center center","background-size":"auto","background-attachment":"scroll","background-type":"","background-media":"","overlay-type":"","overlay-color":"","overlay-opacity":"","overlay-gradient":""},"tablet":{"background-color":"","background-image":"","background-repeat":"repeat","background-position":"center center","background-size":"auto","background-attachment":"scroll","background-type":"","background-media":"","overlay-type":"","overlay-color":"","overlay-opacity":"","overlay-gradient":""},"mobile":{"background-color":"","background-image":"","background-repeat":"repeat","background-position":"center center","background-size":"auto","background-attachment":"scroll","background-type":"","background-media":"","overlay-type":"","overlay-color":"","overlay-opacity":"","overlay-gradient":""}},"ast-content-background-meta":{"desktop":{"background-color":"var(--ast-global-color-5)","background-image":"","background-repeat":"repeat","background-position":"center center","background-size":"auto","background-attachment":"scroll","background-type":"","background-media":"","overlay-type":"","overlay-color":"","overlay-opacity":"","overlay-gradient":""},"tablet":{"background-color":"var(--ast-global-color-5)","background-image":"","background-repeat":"repeat","background-position":"center center","background-size":"auto","background-attachment":"scroll","background-type":"","background-media":"","overlay-type":"","overlay-color":"","overlay-opacity":"","overlay-gradient":""},"mobile":{"background-color":"var(--ast-global-color-5)","background-image":"","background-repeat":"repeat","background-position":"center center","background-size":"auto","background-attachment":"scroll","background-type":"","background-media":"","overlay-type":"","overlay-color":"","overlay-opacity":"","overlay-gradient":""}},"footnotes":""},"class_list":["post-88","page","type-page","status-publish","hentry"],"_links":{"self":[{"href":"https:\/\/x.dorfgeschichte-mettmenstetten.ch\/index.php\/wp-json\/wp\/v2\/pages\/88","targetHints":{"allow":["GET"]}}],"collection":[{"href":"https:\/\/x.dorfgeschichte-mettmenstetten.ch\/index.php\/wp-json\/wp\/v2\/pages"}],"about":[{"href":"https:\/\/x.dorfgeschichte-mettmenstetten.ch\/index.php\/wp-json\/wp\/v2\/types\/page"}],"author":[{"embeddable":true,"href":"https:\/\/x.dorfgeschichte-mettmenstetten.ch\/index.php\/wp-json\/wp\/v2\/users\/2"}],"replies":[{"embeddable":true,"href":"https:\/\/x.dorfgeschichte-mettmenstetten.ch\/index.php\/wp-json\/wp\/v2\/comments?post=88"}],"version-history":[{"count":4,"href":"https:\/\/x.dorfgeschichte-mettmenstetten.ch\/index.php\/wp-json\/wp\/v2\/pages\/88\/revisions"}],"predecessor-version":[{"id":95,"href":"https:\/\/x.dorfgeschichte-mettmenstetten.ch\/index.php\/wp-json\/wp\/v2\/pages\/88\/revisions\/95"}],"wp:attachment":[{"href":"https:\/\/x.dorfgeschichte-mettmenstetten.ch\/index.php\/wp-json\/wp\/v2\/media?parent=88"}],"curies":[{"name":"wp","href":"https:\/\/api.w.org\/{rel}","templated":true}]}}

<div class="wp-block-columns is-layout-flex wp-container-core-columns-is-layout-7387b849 wp-block-columns-is-layout-flex">
<div class="wp-block-column is-layout-flow wp-block-column-is-layout-flow" style="flex-basis:15%"></div>



<div class="wp-block-column is-layout-flow wp-block-column-is-layout-flow" style="flex-basis:50%">
<p class="wp-block-paragraph"><strong>Ausgangslage</strong></p>



<p class="wp-block-paragraph">Gesuch an das Bezirksgericht betreffend Versicherungsbrief.</p>



<figure class="wp-block-gallery has-nested-images columns-4 is-cropped wp-block-gallery-1 is-layout-flex wp-block-gallery-is-layout-flex">
<figure class="wp-block-image size-large"><a href="https://x.dorfgeschichte-mettmenstetten.ch/wp-content/uploads/2023/12/X1002-Bezirksgericht-1853-001.jpg" target="_blank" rel="noreferrer noopener"><img loading="lazy" decoding="async" width="574" height="1024" data-id="89" src="https://x.dorfgeschichte-mettmenstetten.ch/wp-content/uploads/2023/12/X1002-Bezirksgericht-1853-001-574x1024.jpg" alt="" class="wp-image-89" srcset="https://x.dorfgeschichte-mettmenstetten.ch/wp-content/uploads/2023/12/X1002-Bezirksgericht-1853-001-574x1024.jpg 574w, https://x.dorfgeschichte-mettmenstetten.ch/wp-content/uploads/2023/12/X1002-Bezirksgericht-1853-001-168x300.jpg 168w, https://x.dorfgeschichte-mettmenstetten.ch/wp-content/uploads/2023/12/X1002-Bezirksgericht-1853-001-768x1369.jpg 768w, https://x.dorfgeschichte-mettmenstetten.ch/wp-content/uploads/2023/12/X1002-Bezirksgericht-1853-001-861x1536.jpg 861w, https://x.dorfgeschichte-mettmenstetten.ch/wp-content/uploads/2023/12/X1002-Bezirksgericht-1853-001-1149x2048.jpg 1149w, https://x.dorfgeschichte-mettmenstetten.ch/wp-content/uploads/2023/12/X1002-Bezirksgericht-1853-001.jpg 1406w" sizes="auto, (max-width: 574px) 100vw, 574px" /></a></figure>



<figure class="wp-block-image size-large"><a href="https://x.dorfgeschichte-mettmenstetten.ch/wp-content/uploads/2023/12/X1002-Bezirksgericht-1853-002.jpg" target="_blank" rel="noreferrer noopener"><img loading="lazy" decoding="async" width="721" height="1024" data-id="90" src="https://x.dorfgeschichte-mettmenstetten.ch/wp-content/uploads/2023/12/X1002-Bezirksgericht-1853-002-721x1024.jpg" alt="" class="wp-image-90" srcset="https://x.dorfgeschichte-mettmenstetten.ch/wp-content/uploads/2023/12/X1002-Bezirksgericht-1853-002-721x1024.jpg 721w, https://x.dorfgeschichte-mettmenstetten.ch/wp-content/uploads/2023/12/X1002-Bezirksgericht-1853-002-211x300.jpg 211w, https://x.dorfgeschichte-mettmenstetten.ch/wp-content/uploads/2023/12/X1002-Bezirksgericht-1853-002-768x1090.jpg 768w, https://x.dorfgeschichte-mettmenstetten.ch/wp-content/uploads/2023/12/X1002-Bezirksgericht-1853-002-1082x1536.jpg 1082w, https://x.dorfgeschichte-mettmenstetten.ch/wp-content/uploads/2023/12/X1002-Bezirksgericht-1853-002-1443x2048.jpg 1443w, https://x.dorfgeschichte-mettmenstetten.ch/wp-content/uploads/2023/12/X1002-Bezirksgericht-1853-002.jpg 1535w" sizes="auto, (max-width: 721px) 100vw, 721px" /></a></figure>
</figure>



<div style="height:51px" aria-hidden="true" class="wp-block-spacer"></div>



<p class="wp-block-paragraph"><strong>Übersetzung</strong>: <em> maschinell </em></p>



<p class="wp-block-paragraph">Das Bezirbsgericht Affolern hat Nach Einsicht eines Beschlusses der Obergeröster vom 25 Juni d. J. aus dem<br>sich ergeben:<br>Auf Ansuchen des Heinrich Häberling Bäcker in Untermettmenstätten werde, noch fruchtlos gebliebenem Aufrufe des Versicherungsbriefes 600 fe auf Meister Jakob Kleiner Feboben sel. gut. Knaben in Untermettmenstetten, dießmaligen Wirth, Gastgeb. zu Knonau zu Gunstensamer Ehefrau Barbara geb. Gallmann von Herferschweil d. d. 9 Herstewert<br>1750.<br>Das Bezirbsgericht ermächtigt fragliche Schuldungbunde für kraftlos zu erklären oder Notarialskanzlei zu beauftragen sein Protokoll zu löpfen; mit Einmuth beschlossen:</p>



<ol class="wp-block-list">
<li>Sie hievon an Protokoll Vormerkung zu macht.</li>



<li>Sei die frögl. Schuldurkunde an Amtsblatt u. Landboten v. Anzeiger aus dem Bezirke Affoltern für kraftlos zu erklären;</li>



<li>Sei die Notariatskanzlei beauftragt, dieselbe unter Beobachtung der hierauf bezüglichen Bestimmung der obergerichtlichen Verordnung von 14. Mai 1840. im Protokoll zu löschen; —</li>



<li>Mittheilung an den Patenten von die Notarialskanzley Bernau an Letztere unter Gestellung einer<br>Abschrift des obergerichtlichen Beschlusses.<br>Geschehen Affoltern den 9 Julj 1853<br>Kanzlei des Bezirksgerichtes,<br>Rechnung. Der Gerichtsschreiber. die Noten vom 11. Juni 53 beträgt 22 fr 27 rt<br>hiezu kommen es entstand. Kostl.3,07&#8243; Ausfertiggegese &amp; Expe. Insectionskoste und Portr. 7„ 2„ 32 fr 36 rt<br>Unterm 12. Dezember 52 werden 30 &#8220; &#8211; Reponirt 2 fr 36 rthl Petret bleibt somit noch schuldig,</li>
</ol>
</div>



<div class="wp-block-column is-layout-flow wp-block-column-is-layout-flow" style="flex-basis:25%"></div>
</div>

<p>Ausgangslage Gesuch an das Bezirksgericht betreffend Versicherungsbrief. Übersetzung: maschinell Das Bezirbsgericht Affolern hat Nach Einsicht eines Beschlusses der Obergeröster vom 25 Juni d. J. aus demsich ergeben:Auf Ansuchen des Heinrich Häberling Bäcker in Untermettmenstätten werde, noch fruchtlos gebliebenem Aufrufe des Versicherungsbriefes 600 fe auf Meister Jakob Kleiner Feboben sel. gut. Knaben in Untermettmenstetten, dießmaligen Wirth, [&hellip;]</p>
