{"id":8,"date":"2023-12-06T15:43:19","date_gmt":"2023-12-06T15:43:19","guid":{"rendered":"https:\/\/x.dorfgeschichte-mettmenstetten.ch\/?page_id=8"},"modified":"2023-12-12T08:43:20","modified_gmt":"2023-12-12T08:43:20","slug":"x1000","status":"publish","type":"page","link":"https:\/\/x.dorfgeschichte-mettmenstetten.ch\/index.php\/x1000\/","title":{"rendered":"X1000"},"content":{"rendered":"\n<div class=\"wp-block-columns is-layout-flex wp-container-core-columns-is-layout-7387b849 wp-block-columns-is-layout-flex\">\n<div class=\"wp-block-column is-layout-flow wp-block-column-is-layout-flow\" style=\"flex-basis:15%\"><\/div>\n\n\n\n<div class=\"wp-block-column is-layout-flow wp-block-column-is-layout-flow\" style=\"flex-basis:50%\">\n<p class=\"wp-block-paragraph\"><strong>Ausgangslage<\/strong><\/p>\n\n\n\n<ol class=\"wp-block-list\">\n<li><em>Der Gemeinderat hatte 1658 beim Regierungsrat einen Staatsbeitrag f\u00fcr die Versetzung resp. Entfernung des Dorfbrunnens angefordert:<\/em><\/li>\n\n\n\n<li><em>Dagegen wurde offensichtlich rekurriert?<\/em><\/li>\n\n\n\n<li><em>Die Civilvorsteherschaft beantwortet den Rekurs wie folgt<\/em><\/li>\n<\/ol>\n\n\n\n<figure class=\"wp-block-gallery has-nested-images columns-4 is-cropped wp-block-gallery-1 is-layout-flex wp-block-gallery-is-layout-flex\">\n<figure class=\"wp-block-image size-large\"><a href=\"https:\/\/x.dorfgeschichte-mettmenstetten.ch\/wp-content\/uploads\/2023\/12\/Bezirksgericht-Affoltern-01-1.jpg\" target=\"_blank\" rel=\"noreferrer noopener\"><img loading=\"lazy\" decoding=\"async\" width=\"673\" height=\"1024\" data-id=\"30\" src=\"https:\/\/x.dorfgeschichte-mettmenstetten.ch\/wp-content\/uploads\/2023\/12\/Bezirksgericht-Affoltern-01-1-673x1024.jpg\" alt=\"\" class=\"wp-image-30\" srcset=\"https:\/\/x.dorfgeschichte-mettmenstetten.ch\/wp-content\/uploads\/2023\/12\/Bezirksgericht-Affoltern-01-1-673x1024.jpg 673w, https:\/\/x.dorfgeschichte-mettmenstetten.ch\/wp-content\/uploads\/2023\/12\/Bezirksgericht-Affoltern-01-1-197x300.jpg 197w, https:\/\/x.dorfgeschichte-mettmenstetten.ch\/wp-content\/uploads\/2023\/12\/Bezirksgericht-Affoltern-01-1-768x1169.jpg 768w, https:\/\/x.dorfgeschichte-mettmenstetten.ch\/wp-content\/uploads\/2023\/12\/Bezirksgericht-Affoltern-01-1-1009x1536.jpg 1009w, https:\/\/x.dorfgeschichte-mettmenstetten.ch\/wp-content\/uploads\/2023\/12\/Bezirksgericht-Affoltern-01-1-1345x2048.jpg 1345w, https:\/\/x.dorfgeschichte-mettmenstetten.ch\/wp-content\/uploads\/2023\/12\/Bezirksgericht-Affoltern-01-1.jpg 1638w\" sizes=\"auto, (max-width: 673px) 100vw, 673px\" \/><\/a><\/figure>\n\n\n\n<figure class=\"wp-block-image size-large\"><a href=\"https:\/\/x.dorfgeschichte-mettmenstetten.ch\/wp-content\/uploads\/2023\/12\/Bezirksgericht-Affoltern-02-1.jpg\" target=\"_blank\" rel=\"noreferrer noopener\"><img loading=\"lazy\" decoding=\"async\" width=\"616\" height=\"1024\" data-id=\"31\" src=\"https:\/\/x.dorfgeschichte-mettmenstetten.ch\/wp-content\/uploads\/2023\/12\/Bezirksgericht-Affoltern-02-1-616x1024.jpg\" alt=\"\" class=\"wp-image-31\" srcset=\"https:\/\/x.dorfgeschichte-mettmenstetten.ch\/wp-content\/uploads\/2023\/12\/Bezirksgericht-Affoltern-02-1-616x1024.jpg 616w, https:\/\/x.dorfgeschichte-mettmenstetten.ch\/wp-content\/uploads\/2023\/12\/Bezirksgericht-Affoltern-02-1-180x300.jpg 180w, https:\/\/x.dorfgeschichte-mettmenstetten.ch\/wp-content\/uploads\/2023\/12\/Bezirksgericht-Affoltern-02-1-768x1277.jpg 768w, https:\/\/x.dorfgeschichte-mettmenstetten.ch\/wp-content\/uploads\/2023\/12\/Bezirksgericht-Affoltern-02-1-923x1536.jpg 923w, https:\/\/x.dorfgeschichte-mettmenstetten.ch\/wp-content\/uploads\/2023\/12\/Bezirksgericht-Affoltern-02-1-1231x2048.jpg 1231w, https:\/\/x.dorfgeschichte-mettmenstetten.ch\/wp-content\/uploads\/2023\/12\/Bezirksgericht-Affoltern-02-1.jpg 1521w\" sizes=\"auto, (max-width: 616px) 100vw, 616px\" \/><\/a><\/figure>\n\n\n\n<figure class=\"wp-block-image size-large\"><a href=\"https:\/\/x.dorfgeschichte-mettmenstetten.ch\/wp-content\/uploads\/2023\/12\/Bezirksgericht-Affoltern-03-1.jpg\" target=\"_blank\" rel=\"noreferrer noopener\"><img loading=\"lazy\" decoding=\"async\" width=\"629\" height=\"1024\" data-id=\"32\" src=\"https:\/\/x.dorfgeschichte-mettmenstetten.ch\/wp-content\/uploads\/2023\/12\/Bezirksgericht-Affoltern-03-1-629x1024.jpg\" alt=\"\" class=\"wp-image-32\" srcset=\"https:\/\/x.dorfgeschichte-mettmenstetten.ch\/wp-content\/uploads\/2023\/12\/Bezirksgericht-Affoltern-03-1-629x1024.jpg 629w, https:\/\/x.dorfgeschichte-mettmenstetten.ch\/wp-content\/uploads\/2023\/12\/Bezirksgericht-Affoltern-03-1-184x300.jpg 184w, https:\/\/x.dorfgeschichte-mettmenstetten.ch\/wp-content\/uploads\/2023\/12\/Bezirksgericht-Affoltern-03-1-768x1250.jpg 768w, https:\/\/x.dorfgeschichte-mettmenstetten.ch\/wp-content\/uploads\/2023\/12\/Bezirksgericht-Affoltern-03-1-943x1536.jpg 943w, https:\/\/x.dorfgeschichte-mettmenstetten.ch\/wp-content\/uploads\/2023\/12\/Bezirksgericht-Affoltern-03-1-1258x2048.jpg 1258w, https:\/\/x.dorfgeschichte-mettmenstetten.ch\/wp-content\/uploads\/2023\/12\/Bezirksgericht-Affoltern-03-1.jpg 1568w\" sizes=\"auto, (max-width: 629px) 100vw, 629px\" \/><\/a><\/figure>\n\n\n\n<figure class=\"wp-block-image size-large\"><a href=\"https:\/\/x.dorfgeschichte-mettmenstetten.ch\/wp-content\/uploads\/2023\/12\/Bezirksgericht-Affoltern-04-1.jpg\" target=\"_blank\" rel=\"noreferrer noopener\"><img loading=\"lazy\" decoding=\"async\" width=\"645\" height=\"1024\" data-id=\"33\" src=\"https:\/\/x.dorfgeschichte-mettmenstetten.ch\/wp-content\/uploads\/2023\/12\/Bezirksgericht-Affoltern-04-1-645x1024.jpg\" alt=\"\" class=\"wp-image-33\" srcset=\"https:\/\/x.dorfgeschichte-mettmenstetten.ch\/wp-content\/uploads\/2023\/12\/Bezirksgericht-Affoltern-04-1-645x1024.jpg 645w, https:\/\/x.dorfgeschichte-mettmenstetten.ch\/wp-content\/uploads\/2023\/12\/Bezirksgericht-Affoltern-04-1-189x300.jpg 189w, https:\/\/x.dorfgeschichte-mettmenstetten.ch\/wp-content\/uploads\/2023\/12\/Bezirksgericht-Affoltern-04-1-768x1220.jpg 768w, https:\/\/x.dorfgeschichte-mettmenstetten.ch\/wp-content\/uploads\/2023\/12\/Bezirksgericht-Affoltern-04-1-967x1536.jpg 967w, https:\/\/x.dorfgeschichte-mettmenstetten.ch\/wp-content\/uploads\/2023\/12\/Bezirksgericht-Affoltern-04-1-1290x2048.jpg 1290w, https:\/\/x.dorfgeschichte-mettmenstetten.ch\/wp-content\/uploads\/2023\/12\/Bezirksgericht-Affoltern-04-1.jpg 1585w\" sizes=\"auto, (max-width: 645px) 100vw, 645px\" \/><\/a><\/figure>\n<\/figure>\n\n\n\n<div style=\"height:51px\" aria-hidden=\"true\" class=\"wp-block-spacer\"><\/div>\n\n\n\n<p class=\"wp-block-paragraph\"><strong>\u00dcbersetzung<\/strong>: <em> Hans Huber <\/em><\/p>\n\n\n\n<p class=\"wp-block-paragraph\">\u00dcber die entzw\u00fcschsend Johannes Hofstetter dem Beck zu Obere, danne Richter Jacob Huber genannt Schmid Joggli, und Jacob, und Johannes genannt: Schmid Schlo\u00dfers zu Undern Metmenstunden gewaltete Streitigkeit, wegen einer W\u00e4\u00dferung da die Huberen das Wasser durch des Hofstetters Baumgarten laut Canzleyischen Vergleich, Datiert d. 11. Merz ao. 1658 zuf\u00fchren gewollt haben. Hofstetter auch begehrt, da\u00df sie, soweit als er oder sein Baumgarten an die Strasse sto\u00dfe , die Straa\u00df m\u00fcssen helfen machen. Ward auf angeh\u00f6rter f\u00fcr und wider bringen, Erdaurung der Sachen Beschaffenheit einhellig erkennt:<br>Es solle ob angeregter Verglich best\u00e4tiget seyn, Hofstetters auch die Straa\u00df: weil er wie andere ober erw\u00e4hnt, er sei ne Straa\u00dfen selbst zu machen, \u00fcbernommen allein, ohne der Huberischen H\u00fclf, erweiteren und machen, wo und so weit und er anst\u00f6\u00dfig seyn. Den Fussweg betreffend: Sollen die Huberen laut obigem Vergleich, in Ehren halten, sobald als er Hofstetter wiederum einen durch seine Haus Matten, oder<br>Baumgarten hinab, wie vor dem, haben wolle. Die Wasserleitung betreffend: Sollen die Huberen die M\u00e4ngel, wie sie all bereit angefangen, der Maur nach legen, und in Ehren halten. Hofstetter aber auch, wo die M\u00e4ngel anfangen, die Straa\u00df verf\u00fcllen, damit das Wasser nicht in die Straa\u00df hinaus laufe. Welchem Theil aber dieser Urtheil nicht gefalle, der m\u00f6ge ein Augenschein begehren. Auch soll Hoffstetter 3. Pfund Gricht erlegen.<\/p>\n\n\n\n<p class=\"wp-block-paragraph\">Actum Donnerstags d. 24. April ao. 1777<br>Presentes: Herren Landvogt Rordorff, und<br>E: E: Herrschafft- Gericht.<br>Canzlei Knonau<\/p>\n<\/div>\n\n\n\n<div class=\"wp-block-column is-layout-flow wp-block-column-is-layout-flow\" style=\"flex-basis:25%\"><\/div>\n<\/div>\n","protected":false},"excerpt":{"rendered":"<p>Ausgangslage \u00dcbersetzung: Hans Huber \u00dcber die entzw\u00fcschsend Johannes Hofstetter dem Beck zu Obere, danne Richter Jacob Huber genannt Schmid Joggli, und Jacob, und Johannes genannt: Schmid Schlo\u00dfers zu Undern Metmenstunden gewaltete Streitigkeit, wegen einer W\u00e4\u00dferung da die Huberen das Wasser durch des Hofstetters Baumgarten laut Canzleyischen Vergleich, Datiert d. 11. Merz ao. 1658 zuf\u00fchren gewollt [&hellip;]<\/p>\n","protected":false},"author":1,"featured_media":0,"parent":0,"menu_order":0,"comment_status":"closed","ping_status":"closed","template":"","meta":{"site-sidebar-layout":"default","site-content-layout":"","ast-site-content-layout":"default","site-content-style":"default","site-sidebar-style":"default","ast-global-header-display":"","ast-banner-title-visibility":"","ast-main-header-display":"","ast-hfb-above-header-display":"","ast-hfb-below-header-display":"","ast-hfb-mobile-header-display":"","site-post-title":"disabled","ast-breadcrumbs-content":"","ast-featured-img":"","footer-sml-layout":"","theme-transparent-header-meta":"","adv-header-id-meta":"","stick-header-meta":"","header-above-stick-meta":"","header-main-stick-meta":"","header-below-stick-meta":"","astra-migrate-meta-layouts":"","ast-page-background-enabled":"default","ast-page-background-meta":{"desktop":{"background-color":"var(--ast-global-color-4)","background-image":"","background-repeat":"repeat","background-position":"center center","background-size":"auto","background-attachment":"scroll","background-type":"","background-media":"","overlay-type":"","overlay-color":"","overlay-opacity":"","overlay-gradient":""},"tablet":{"background-color":"","background-image":"","background-repeat":"repeat","background-position":"center center","background-size":"auto","background-attachment":"scroll","background-type":"","background-media":"","overlay-type":"","overlay-color":"","overlay-opacity":"","overlay-gradient":""},"mobile":{"background-color":"","background-image":"","background-repeat":"repeat","background-position":"center center","background-size":"auto","background-attachment":"scroll","background-type":"","background-media":"","overlay-type":"","overlay-color":"","overlay-opacity":"","overlay-gradient":""}},"ast-content-background-meta":{"desktop":{"background-color":"var(--ast-global-color-5)","background-image":"","background-repeat":"repeat","background-position":"center center","background-size":"auto","background-attachment":"scroll","background-type":"","background-media":"","overlay-type":"","overlay-color":"","overlay-opacity":"","overlay-gradient":""},"tablet":{"background-color":"var(--ast-global-color-5)","background-image":"","background-repeat":"repeat","background-position":"center center","background-size":"auto","background-attachment":"scroll","background-type":"","background-media":"","overlay-type":"","overlay-color":"","overlay-opacity":"","overlay-gradient":""},"mobile":{"background-color":"var(--ast-global-color-5)","background-image":"","background-repeat":"repeat","background-position":"center center","background-size":"auto","background-attachment":"scroll","background-type":"","background-media":"","overlay-type":"","overlay-color":"","overlay-opacity":"","overlay-gradient":""}},"footnotes":""},"class_list":["post-8","page","type-page","status-publish","hentry"],"_links":{"self":[{"href":"https:\/\/x.dorfgeschichte-mettmenstetten.ch\/index.php\/wp-json\/wp\/v2\/pages\/8","targetHints":{"allow":["GET"]}}],"collection":[{"href":"https:\/\/x.dorfgeschichte-mettmenstetten.ch\/index.php\/wp-json\/wp\/v2\/pages"}],"about":[{"href":"https:\/\/x.dorfgeschichte-mettmenstetten.ch\/index.php\/wp-json\/wp\/v2\/types\/page"}],"author":[{"embeddable":true,"href":"https:\/\/x.dorfgeschichte-mettmenstetten.ch\/index.php\/wp-json\/wp\/v2\/users\/1"}],"replies":[{"embeddable":true,"href":"https:\/\/x.dorfgeschichte-mettmenstetten.ch\/index.php\/wp-json\/wp\/v2\/comments?post=8"}],"version-history":[{"count":16,"href":"https:\/\/x.dorfgeschichte-mettmenstetten.ch\/index.php\/wp-json\/wp\/v2\/pages\/8\/revisions"}],"predecessor-version":[{"id":74,"href":"https:\/\/x.dorfgeschichte-mettmenstetten.ch\/index.php\/wp-json\/wp\/v2\/pages\/8\/revisions\/74"}],"wp:attachment":[{"href":"https:\/\/x.dorfgeschichte-mettmenstetten.ch\/index.php\/wp-json\/wp\/v2\/media?parent=8"}],"curies":[{"name":"wp","href":"https:\/\/api.w.org\/{rel}","templated":true}]}}

<div class="wp-block-columns is-layout-flex wp-container-core-columns-is-layout-7387b849 wp-block-columns-is-layout-flex">
<div class="wp-block-column is-layout-flow wp-block-column-is-layout-flow" style="flex-basis:15%"></div>



<div class="wp-block-column is-layout-flow wp-block-column-is-layout-flow" style="flex-basis:50%">
<p class="wp-block-paragraph"><strong>Ausgangslage</strong></p>



<ol class="wp-block-list">
<li><em>Der Gemeinderat hatte 1658 beim Regierungsrat einen Staatsbeitrag für die Versetzung resp. Entfernung des Dorfbrunnens angefordert:</em></li>



<li><em>Dagegen wurde offensichtlich rekurriert?</em></li>



<li><em>Die Civilvorsteherschaft beantwortet den Rekurs wie folgt</em></li>
</ol>



<figure class="wp-block-gallery has-nested-images columns-4 is-cropped wp-block-gallery-1 is-layout-flex wp-block-gallery-is-layout-flex">
<figure class="wp-block-image size-large"><a href="https://x.dorfgeschichte-mettmenstetten.ch/wp-content/uploads/2023/12/Bezirksgericht-Affoltern-01-1.jpg" target="_blank" rel="noreferrer noopener"><img loading="lazy" decoding="async" width="673" height="1024" data-id="30" src="https://x.dorfgeschichte-mettmenstetten.ch/wp-content/uploads/2023/12/Bezirksgericht-Affoltern-01-1-673x1024.jpg" alt="" class="wp-image-30" srcset="https://x.dorfgeschichte-mettmenstetten.ch/wp-content/uploads/2023/12/Bezirksgericht-Affoltern-01-1-673x1024.jpg 673w, https://x.dorfgeschichte-mettmenstetten.ch/wp-content/uploads/2023/12/Bezirksgericht-Affoltern-01-1-197x300.jpg 197w, https://x.dorfgeschichte-mettmenstetten.ch/wp-content/uploads/2023/12/Bezirksgericht-Affoltern-01-1-768x1169.jpg 768w, https://x.dorfgeschichte-mettmenstetten.ch/wp-content/uploads/2023/12/Bezirksgericht-Affoltern-01-1-1009x1536.jpg 1009w, https://x.dorfgeschichte-mettmenstetten.ch/wp-content/uploads/2023/12/Bezirksgericht-Affoltern-01-1-1345x2048.jpg 1345w, https://x.dorfgeschichte-mettmenstetten.ch/wp-content/uploads/2023/12/Bezirksgericht-Affoltern-01-1.jpg 1638w" sizes="auto, (max-width: 673px) 100vw, 673px" /></a></figure>



<figure class="wp-block-image size-large"><a href="https://x.dorfgeschichte-mettmenstetten.ch/wp-content/uploads/2023/12/Bezirksgericht-Affoltern-02-1.jpg" target="_blank" rel="noreferrer noopener"><img loading="lazy" decoding="async" width="616" height="1024" data-id="31" src="https://x.dorfgeschichte-mettmenstetten.ch/wp-content/uploads/2023/12/Bezirksgericht-Affoltern-02-1-616x1024.jpg" alt="" class="wp-image-31" srcset="https://x.dorfgeschichte-mettmenstetten.ch/wp-content/uploads/2023/12/Bezirksgericht-Affoltern-02-1-616x1024.jpg 616w, https://x.dorfgeschichte-mettmenstetten.ch/wp-content/uploads/2023/12/Bezirksgericht-Affoltern-02-1-180x300.jpg 180w, https://x.dorfgeschichte-mettmenstetten.ch/wp-content/uploads/2023/12/Bezirksgericht-Affoltern-02-1-768x1277.jpg 768w, https://x.dorfgeschichte-mettmenstetten.ch/wp-content/uploads/2023/12/Bezirksgericht-Affoltern-02-1-923x1536.jpg 923w, https://x.dorfgeschichte-mettmenstetten.ch/wp-content/uploads/2023/12/Bezirksgericht-Affoltern-02-1-1231x2048.jpg 1231w, https://x.dorfgeschichte-mettmenstetten.ch/wp-content/uploads/2023/12/Bezirksgericht-Affoltern-02-1.jpg 1521w" sizes="auto, (max-width: 616px) 100vw, 616px" /></a></figure>



<figure class="wp-block-image size-large"><a href="https://x.dorfgeschichte-mettmenstetten.ch/wp-content/uploads/2023/12/Bezirksgericht-Affoltern-03-1.jpg" target="_blank" rel="noreferrer noopener"><img loading="lazy" decoding="async" width="629" height="1024" data-id="32" src="https://x.dorfgeschichte-mettmenstetten.ch/wp-content/uploads/2023/12/Bezirksgericht-Affoltern-03-1-629x1024.jpg" alt="" class="wp-image-32" srcset="https://x.dorfgeschichte-mettmenstetten.ch/wp-content/uploads/2023/12/Bezirksgericht-Affoltern-03-1-629x1024.jpg 629w, https://x.dorfgeschichte-mettmenstetten.ch/wp-content/uploads/2023/12/Bezirksgericht-Affoltern-03-1-184x300.jpg 184w, https://x.dorfgeschichte-mettmenstetten.ch/wp-content/uploads/2023/12/Bezirksgericht-Affoltern-03-1-768x1250.jpg 768w, https://x.dorfgeschichte-mettmenstetten.ch/wp-content/uploads/2023/12/Bezirksgericht-Affoltern-03-1-943x1536.jpg 943w, https://x.dorfgeschichte-mettmenstetten.ch/wp-content/uploads/2023/12/Bezirksgericht-Affoltern-03-1-1258x2048.jpg 1258w, https://x.dorfgeschichte-mettmenstetten.ch/wp-content/uploads/2023/12/Bezirksgericht-Affoltern-03-1.jpg 1568w" sizes="auto, (max-width: 629px) 100vw, 629px" /></a></figure>



<figure class="wp-block-image size-large"><a href="https://x.dorfgeschichte-mettmenstetten.ch/wp-content/uploads/2023/12/Bezirksgericht-Affoltern-04-1.jpg" target="_blank" rel="noreferrer noopener"><img loading="lazy" decoding="async" width="645" height="1024" data-id="33" src="https://x.dorfgeschichte-mettmenstetten.ch/wp-content/uploads/2023/12/Bezirksgericht-Affoltern-04-1-645x1024.jpg" alt="" class="wp-image-33" srcset="https://x.dorfgeschichte-mettmenstetten.ch/wp-content/uploads/2023/12/Bezirksgericht-Affoltern-04-1-645x1024.jpg 645w, https://x.dorfgeschichte-mettmenstetten.ch/wp-content/uploads/2023/12/Bezirksgericht-Affoltern-04-1-189x300.jpg 189w, https://x.dorfgeschichte-mettmenstetten.ch/wp-content/uploads/2023/12/Bezirksgericht-Affoltern-04-1-768x1220.jpg 768w, https://x.dorfgeschichte-mettmenstetten.ch/wp-content/uploads/2023/12/Bezirksgericht-Affoltern-04-1-967x1536.jpg 967w, https://x.dorfgeschichte-mettmenstetten.ch/wp-content/uploads/2023/12/Bezirksgericht-Affoltern-04-1-1290x2048.jpg 1290w, https://x.dorfgeschichte-mettmenstetten.ch/wp-content/uploads/2023/12/Bezirksgericht-Affoltern-04-1.jpg 1585w" sizes="auto, (max-width: 645px) 100vw, 645px" /></a></figure>
</figure>



<div style="height:51px" aria-hidden="true" class="wp-block-spacer"></div>



<p class="wp-block-paragraph"><strong>Übersetzung</strong>: <em> Hans Huber </em></p>



<p class="wp-block-paragraph">Über die entzwüschsend Johannes Hofstetter dem Beck zu Obere, danne Richter Jacob Huber genannt Schmid Joggli, und Jacob, und Johannes genannt: Schmid Schloßers zu Undern Metmenstunden gewaltete Streitigkeit, wegen einer Wäßerung da die Huberen das Wasser durch des Hofstetters Baumgarten laut Canzleyischen Vergleich, Datiert d. 11. Merz ao. 1658 zuführen gewollt haben. Hofstetter auch begehrt, daß sie, soweit als er oder sein Baumgarten an die Strasse stoße , die Straaß müssen helfen machen. Ward auf angehörter für und wider bringen, Erdaurung der Sachen Beschaffenheit einhellig erkennt:<br>Es solle ob angeregter Verglich bestätiget seyn, Hofstetters auch die Straaß: weil er wie andere ober erwähnt, er sei ne Straaßen selbst zu machen, übernommen allein, ohne der Huberischen Hülf, erweiteren und machen, wo und so weit und er anstößig seyn. Den Fussweg betreffend: Sollen die Huberen laut obigem Vergleich, in Ehren halten, sobald als er Hofstetter wiederum einen durch seine Haus Matten, oder<br>Baumgarten hinab, wie vor dem, haben wolle. Die Wasserleitung betreffend: Sollen die Huberen die Mängel, wie sie all bereit angefangen, der Maur nach legen, und in Ehren halten. Hofstetter aber auch, wo die Mängel anfangen, die Straaß verfüllen, damit das Wasser nicht in die Straaß hinaus laufe. Welchem Theil aber dieser Urtheil nicht gefalle, der möge ein Augenschein begehren. Auch soll Hoffstetter 3. Pfund Gricht erlegen.</p>



<p class="wp-block-paragraph">Actum Donnerstags d. 24. April ao. 1777<br>Presentes: Herren Landvogt Rordorff, und<br>E: E: Herrschafft- Gericht.<br>Canzlei Knonau</p>
</div>



<div class="wp-block-column is-layout-flow wp-block-column-is-layout-flow" style="flex-basis:25%"></div>
</div>

<p>Ausgangslage Übersetzung: Hans Huber Über die entzwüschsend Johannes Hofstetter dem Beck zu Obere, danne Richter Jacob Huber genannt Schmid Joggli, und Jacob, und Johannes genannt: Schmid Schloßers zu Undern Metmenstunden gewaltete Streitigkeit, wegen einer Wäßerung da die Huberen das Wasser durch des Hofstetters Baumgarten laut Canzleyischen Vergleich, Datiert d. 11. Merz ao. 1658 zuführen gewollt [&hellip;]</p>
