{"id":79,"date":"2023-12-12T09:59:25","date_gmt":"2023-12-12T09:59:25","guid":{"rendered":"https:\/\/x.dorfgeschichte-mettmenstetten.ch\/?page_id=79"},"modified":"2023-12-12T09:59:25","modified_gmt":"2023-12-12T09:59:25","slug":"x1030","status":"publish","type":"page","link":"https:\/\/x.dorfgeschichte-mettmenstetten.ch\/index.php\/x1030\/","title":{"rendered":"X1030"},"content":{"rendered":"\n<div class=\"wp-block-columns is-layout-flex wp-container-core-columns-is-layout-7387b849 wp-block-columns-is-layout-flex\">\n<div class=\"wp-block-column is-layout-flow wp-block-column-is-layout-flow\" style=\"flex-basis:15%\"><\/div>\n\n\n\n<div class=\"wp-block-column is-layout-flow wp-block-column-is-layout-flow\" style=\"flex-basis:65%\">\n<p class=\"wp-block-paragraph\"><strong>Ausgangslage<\/strong><\/p>\n\n\n\n<p class=\"wp-block-paragraph\">Erbschaftssache: Karl Funk und Albert Frick gegen Albert und Gottried Suter Rifferswil.<\/p>\n\n\n\n<figure class=\"wp-block-gallery has-nested-images columns-4 is-cropped wp-block-gallery-1 is-layout-flex wp-block-gallery-is-layout-flex\">\n<figure class=\"wp-block-image size-large\"><a href=\"https:\/\/x.dorfgeschichte-mettmenstetten.ch\/wp-content\/uploads\/2023\/12\/X1030-Auszug-a.d.-Gerichtspraesidium-Affoltern-Karl-Funk-scaled.jpg\" target=\"_blank\" rel=\"noreferrer noopener\"><img loading=\"lazy\" decoding=\"async\" width=\"1024\" height=\"849\" data-id=\"80\" src=\"https:\/\/x.dorfgeschichte-mettmenstetten.ch\/wp-content\/uploads\/2023\/12\/X1030-Auszug-a.d.-Gerichtspraesidium-Affoltern-Karl-Funk-1024x849.jpg\" alt=\"\" class=\"wp-image-80\" srcset=\"https:\/\/x.dorfgeschichte-mettmenstetten.ch\/wp-content\/uploads\/2023\/12\/X1030-Auszug-a.d.-Gerichtspraesidium-Affoltern-Karl-Funk-1024x849.jpg 1024w, https:\/\/x.dorfgeschichte-mettmenstetten.ch\/wp-content\/uploads\/2023\/12\/X1030-Auszug-a.d.-Gerichtspraesidium-Affoltern-Karl-Funk-300x249.jpg 300w, https:\/\/x.dorfgeschichte-mettmenstetten.ch\/wp-content\/uploads\/2023\/12\/X1030-Auszug-a.d.-Gerichtspraesidium-Affoltern-Karl-Funk-768x636.jpg 768w, https:\/\/x.dorfgeschichte-mettmenstetten.ch\/wp-content\/uploads\/2023\/12\/X1030-Auszug-a.d.-Gerichtspraesidium-Affoltern-Karl-Funk-1536x1273.jpg 1536w, https:\/\/x.dorfgeschichte-mettmenstetten.ch\/wp-content\/uploads\/2023\/12\/X1030-Auszug-a.d.-Gerichtspraesidium-Affoltern-Karl-Funk-2048x1697.jpg 2048w\" sizes=\"auto, (max-width: 1024px) 100vw, 1024px\" \/><\/a><figcaption class=\"wp-element-caption\">Minolta DSC<\/figcaption><\/figure>\n<\/figure>\n\n\n\n<div style=\"height:51px\" aria-hidden=\"true\" class=\"wp-block-spacer\"><\/div>\n\n\n\n<p class=\"wp-block-paragraph\"><strong>\u00dcbersetzung: <\/strong><em>maschinell<\/em><\/p>\n\n\n\n<p class=\"wp-block-paragraph\">Auszug aus dem Audienz-Protokoll des Bez. Gerichtspr\u00e4sidiums Affoltern d.9. Juli 1883.<\/p>\n\n\n\n<p class=\"wp-block-paragraph\">Karl Funk in Ob. Mettmenstetten u. Gottlieb Frick in Rifferswil haben das Begehren gegen\u00fcber Albert u. Gottfried Suter in Rifferswil um Evition eines Erb???aufvertrages zur\u00fcckgezogen, weil g\u00fctliche Unterhandlungen angebahnt seien.<\/p>\n\n\n\n<p class=\"wp-block-paragraph\">Es wird verf\u00fcgt.<\/p>\n\n\n\n<ol class=\"wp-block-list\">\n<li>Zuvon ist Vormerk im Protokoll zu nehmen.<\/li>\n\n\n\n<li>Von den Petenten sind folgende Kosten zu beziehen:<\/li>\n<\/ol>\n\n\n\n<p class=\"wp-block-paragraph\">1.00&nbsp; Staatsgeb\u00fchr<\/p>\n\n\n\n<p class=\"wp-block-paragraph\">0.90&nbsp; Schreibgeb\u00fchren<\/p>\n\n\n\n<p class=\"wp-block-paragraph\">1.20&nbsp; Vorladungsgeb\u00fchren<\/p>\n\n\n\n<p class=\"wp-block-paragraph\">1.20&nbsp; Ins. Stpl. Porto<\/p>\n\n\n\n<ul class=\"wp-block-list\">\n<li>Mitteilung dieser Verf\u00fcgung an die Parteien gegen Empfangschein.<\/li>\n<\/ul>\n\n\n\n<p class=\"wp-block-paragraph\">Vers. 10. Juli. F\u00fcr richtigen Auszug Der Gerichtsschreiber: J. O. Burilon<\/p>\n\n\n\n<p class=\"wp-block-paragraph\"><br><\/p>\n<\/div>\n\n\n\n<div class=\"wp-block-column is-layout-flow wp-block-column-is-layout-flow\" style=\"flex-basis:25%\"><\/div>\n<\/div>\n","protected":false},"excerpt":{"rendered":"<p>Ausgangslage Erbschaftssache: Karl Funk und Albert Frick gegen Albert und Gottried Suter Rifferswil. \u00dcbersetzung: maschinell Auszug aus dem Audienz-Protokoll des Bez. Gerichtspr\u00e4sidiums Affoltern d.9. Juli 1883. Karl Funk in Ob. Mettmenstetten u. Gottlieb Frick in Rifferswil haben das Begehren gegen\u00fcber Albert u. Gottfried Suter in Rifferswil um Evition eines Erb???aufvertrages zur\u00fcckgezogen, weil g\u00fctliche Unterhandlungen angebahnt [&hellip;]<\/p>\n","protected":false},"author":2,"featured_media":0,"parent":0,"menu_order":0,"comment_status":"closed","ping_status":"closed","template":"","meta":{"site-sidebar-layout":"default","site-content-layout":"","ast-site-content-layout":"default","site-content-style":"default","site-sidebar-style":"default","ast-global-header-display":"","ast-banner-title-visibility":"","ast-main-header-display":"","ast-hfb-above-header-display":"","ast-hfb-below-header-display":"","ast-hfb-mobile-header-display":"","site-post-title":"disabled","ast-breadcrumbs-content":"","ast-featured-img":"","footer-sml-layout":"","theme-transparent-header-meta":"","adv-header-id-meta":"","stick-header-meta":"","header-above-stick-meta":"","header-main-stick-meta":"","header-below-stick-meta":"","astra-migrate-meta-layouts":"","ast-page-background-enabled":"default","ast-page-background-meta":{"desktop":{"background-color":"var(--ast-global-color-4)","background-image":"","background-repeat":"repeat","background-position":"center center","background-size":"auto","background-attachment":"scroll","background-type":"","background-media":"","overlay-type":"","overlay-color":"","overlay-opacity":"","overlay-gradient":""},"tablet":{"background-color":"","background-image":"","background-repeat":"repeat","background-position":"center center","background-size":"auto","background-attachment":"scroll","background-type":"","background-media":"","overlay-type":"","overlay-color":"","overlay-opacity":"","overlay-gradient":""},"mobile":{"background-color":"","background-image":"","background-repeat":"repeat","background-position":"center center","background-size":"auto","background-attachment":"scroll","background-type":"","background-media":"","overlay-type":"","overlay-color":"","overlay-opacity":"","overlay-gradient":""}},"ast-content-background-meta":{"desktop":{"background-color":"var(--ast-global-color-5)","background-image":"","background-repeat":"repeat","background-position":"center center","background-size":"auto","background-attachment":"scroll","background-type":"","background-media":"","overlay-type":"","overlay-color":"","overlay-opacity":"","overlay-gradient":""},"tablet":{"background-color":"var(--ast-global-color-5)","background-image":"","background-repeat":"repeat","background-position":"center center","background-size":"auto","background-attachment":"scroll","background-type":"","background-media":"","overlay-type":"","overlay-color":"","overlay-opacity":"","overlay-gradient":""},"mobile":{"background-color":"var(--ast-global-color-5)","background-image":"","background-repeat":"repeat","background-position":"center center","background-size":"auto","background-attachment":"scroll","background-type":"","background-media":"","overlay-type":"","overlay-color":"","overlay-opacity":"","overlay-gradient":""}},"footnotes":""},"class_list":["post-79","page","type-page","status-publish","hentry"],"_links":{"self":[{"href":"https:\/\/x.dorfgeschichte-mettmenstetten.ch\/index.php\/wp-json\/wp\/v2\/pages\/79","targetHints":{"allow":["GET"]}}],"collection":[{"href":"https:\/\/x.dorfgeschichte-mettmenstetten.ch\/index.php\/wp-json\/wp\/v2\/pages"}],"about":[{"href":"https:\/\/x.dorfgeschichte-mettmenstetten.ch\/index.php\/wp-json\/wp\/v2\/types\/page"}],"author":[{"embeddable":true,"href":"https:\/\/x.dorfgeschichte-mettmenstetten.ch\/index.php\/wp-json\/wp\/v2\/users\/2"}],"replies":[{"embeddable":true,"href":"https:\/\/x.dorfgeschichte-mettmenstetten.ch\/index.php\/wp-json\/wp\/v2\/comments?post=79"}],"version-history":[{"count":1,"href":"https:\/\/x.dorfgeschichte-mettmenstetten.ch\/index.php\/wp-json\/wp\/v2\/pages\/79\/revisions"}],"predecessor-version":[{"id":81,"href":"https:\/\/x.dorfgeschichte-mettmenstetten.ch\/index.php\/wp-json\/wp\/v2\/pages\/79\/revisions\/81"}],"wp:attachment":[{"href":"https:\/\/x.dorfgeschichte-mettmenstetten.ch\/index.php\/wp-json\/wp\/v2\/media?parent=79"}],"curies":[{"name":"wp","href":"https:\/\/api.w.org\/{rel}","templated":true}]}}

<div class="wp-block-columns is-layout-flex wp-container-core-columns-is-layout-7387b849 wp-block-columns-is-layout-flex">
<div class="wp-block-column is-layout-flow wp-block-column-is-layout-flow" style="flex-basis:15%"></div>



<div class="wp-block-column is-layout-flow wp-block-column-is-layout-flow" style="flex-basis:65%">
<p class="wp-block-paragraph"><strong>Ausgangslage</strong></p>



<p class="wp-block-paragraph">Erbschaftssache: Karl Funk und Albert Frick gegen Albert und Gottried Suter Rifferswil.</p>



<figure class="wp-block-gallery has-nested-images columns-4 is-cropped wp-block-gallery-1 is-layout-flex wp-block-gallery-is-layout-flex">
<figure class="wp-block-image size-large"><a href="https://x.dorfgeschichte-mettmenstetten.ch/wp-content/uploads/2023/12/X1030-Auszug-a.d.-Gerichtspraesidium-Affoltern-Karl-Funk-scaled.jpg" target="_blank" rel="noreferrer noopener"><img loading="lazy" decoding="async" width="1024" height="849" data-id="80" src="https://x.dorfgeschichte-mettmenstetten.ch/wp-content/uploads/2023/12/X1030-Auszug-a.d.-Gerichtspraesidium-Affoltern-Karl-Funk-1024x849.jpg" alt="" class="wp-image-80" srcset="https://x.dorfgeschichte-mettmenstetten.ch/wp-content/uploads/2023/12/X1030-Auszug-a.d.-Gerichtspraesidium-Affoltern-Karl-Funk-1024x849.jpg 1024w, https://x.dorfgeschichte-mettmenstetten.ch/wp-content/uploads/2023/12/X1030-Auszug-a.d.-Gerichtspraesidium-Affoltern-Karl-Funk-300x249.jpg 300w, https://x.dorfgeschichte-mettmenstetten.ch/wp-content/uploads/2023/12/X1030-Auszug-a.d.-Gerichtspraesidium-Affoltern-Karl-Funk-768x636.jpg 768w, https://x.dorfgeschichte-mettmenstetten.ch/wp-content/uploads/2023/12/X1030-Auszug-a.d.-Gerichtspraesidium-Affoltern-Karl-Funk-1536x1273.jpg 1536w, https://x.dorfgeschichte-mettmenstetten.ch/wp-content/uploads/2023/12/X1030-Auszug-a.d.-Gerichtspraesidium-Affoltern-Karl-Funk-2048x1697.jpg 2048w" sizes="auto, (max-width: 1024px) 100vw, 1024px" /></a><figcaption class="wp-element-caption">Minolta DSC</figcaption></figure>
</figure>



<div style="height:51px" aria-hidden="true" class="wp-block-spacer"></div>



<p class="wp-block-paragraph"><strong>Übersetzung: </strong><em>maschinell</em></p>



<p class="wp-block-paragraph">Auszug aus dem Audienz-Protokoll des Bez. Gerichtspräsidiums Affoltern d.9. Juli 1883.</p>



<p class="wp-block-paragraph">Karl Funk in Ob. Mettmenstetten u. Gottlieb Frick in Rifferswil haben das Begehren gegenüber Albert u. Gottfried Suter in Rifferswil um Evition eines Erb???aufvertrages zurückgezogen, weil gütliche Unterhandlungen angebahnt seien.</p>



<p class="wp-block-paragraph">Es wird verfügt.</p>



<ol class="wp-block-list">
<li>Zuvon ist Vormerk im Protokoll zu nehmen.</li>



<li>Von den Petenten sind folgende Kosten zu beziehen:</li>
</ol>



<p class="wp-block-paragraph">1.00&nbsp; Staatsgebühr</p>



<p class="wp-block-paragraph">0.90&nbsp; Schreibgebühren</p>



<p class="wp-block-paragraph">1.20&nbsp; Vorladungsgebühren</p>



<p class="wp-block-paragraph">1.20&nbsp; Ins. Stpl. Porto</p>



<ul class="wp-block-list">
<li>Mitteilung dieser Verfügung an die Parteien gegen Empfangschein.</li>
</ul>



<p class="wp-block-paragraph">Vers. 10. Juli. Für richtigen Auszug Der Gerichtsschreiber: J. O. Burilon</p>



<p class="wp-block-paragraph"><br></p>
</div>



<div class="wp-block-column is-layout-flow wp-block-column-is-layout-flow" style="flex-basis:25%"></div>
</div>

<p>Ausgangslage Erbschaftssache: Karl Funk und Albert Frick gegen Albert und Gottried Suter Rifferswil. Übersetzung: maschinell Auszug aus dem Audienz-Protokoll des Bez. Gerichtspräsidiums Affoltern d.9. Juli 1883. Karl Funk in Ob. Mettmenstetten u. Gottlieb Frick in Rifferswil haben das Begehren gegenüber Albert u. Gottfried Suter in Rifferswil um Evition eines Erb???aufvertrages zurückgezogen, weil gütliche Unterhandlungen angebahnt [&hellip;]</p>
