{"id":65,"date":"2023-12-09T13:53:30","date_gmt":"2023-12-09T13:53:30","guid":{"rendered":"https:\/\/x.dorfgeschichte-mettmenstetten.ch\/?page_id=65"},"modified":"2023-12-14T11:58:46","modified_gmt":"2023-12-14T11:58:46","slug":"x1010","status":"publish","type":"page","link":"https:\/\/x.dorfgeschichte-mettmenstetten.ch\/index.php\/x1010\/","title":{"rendered":"X1100"},"content":{"rendered":"\n<div class=\"wp-block-columns is-layout-flex wp-container-core-columns-is-layout-7387b849 wp-block-columns-is-layout-flex\">\n<div class=\"wp-block-column is-layout-flow wp-block-column-is-layout-flow\" style=\"flex-basis:15%\"><\/div>\n\n\n\n<div class=\"wp-block-column is-layout-flow wp-block-column-is-layout-flow\" style=\"flex-basis:50%\">\n<div class=\"wp-block-columns is-layout-flex wp-container-core-columns-is-layout-7387b849 wp-block-columns-is-layout-flex\">\n<div class=\"wp-block-column is-layout-flow wp-block-column-is-layout-flow\">\n<p class=\"has-medium-font-size wp-block-paragraph\"><strong>Urteil 1777 <\/strong> <\/p>\n\n\n\n<p class=\"wp-block-paragraph\"><strong>Ausgangslage<\/strong><\/p>\n\n\n\n<p class=\"wp-block-paragraph\">Johannes Hofstetter gegen Jacob und Johannes Schmid Schlossers wegen einer Wasserleitung durch Hofstetters Baumgarten.<\/p>\n\n\n\n<div style=\"height:38px\" aria-hidden=\"true\" class=\"wp-block-spacer\"><\/div>\n\n\n\n<figure class=\"wp-block-gallery has-nested-images columns-default is-cropped wp-block-gallery-1 is-layout-flex wp-block-gallery-is-layout-flex\">\n<figure class=\"wp-block-image size-large\"><a href=\"https:\/\/x.dorfgeschichte-mettmenstetten.ch\/wp-content\/uploads\/2023\/12\/Urteil-Strebel-1777-scaled.jpg\"><img loading=\"lazy\" decoding=\"async\" width=\"525\" height=\"1024\" data-id=\"71\" src=\"https:\/\/x.dorfgeschichte-mettmenstetten.ch\/wp-content\/uploads\/2023\/12\/Urteil-Strebel-1777-525x1024.jpg\" alt=\"\" class=\"wp-image-71\" srcset=\"https:\/\/x.dorfgeschichte-mettmenstetten.ch\/wp-content\/uploads\/2023\/12\/Urteil-Strebel-1777-525x1024.jpg 525w, https:\/\/x.dorfgeschichte-mettmenstetten.ch\/wp-content\/uploads\/2023\/12\/Urteil-Strebel-1777-154x300.jpg 154w, https:\/\/x.dorfgeschichte-mettmenstetten.ch\/wp-content\/uploads\/2023\/12\/Urteil-Strebel-1777-768x1497.jpg 768w, https:\/\/x.dorfgeschichte-mettmenstetten.ch\/wp-content\/uploads\/2023\/12\/Urteil-Strebel-1777-788x1536.jpg 788w, https:\/\/x.dorfgeschichte-mettmenstetten.ch\/wp-content\/uploads\/2023\/12\/Urteil-Strebel-1777-1051x2048.jpg 1051w, https:\/\/x.dorfgeschichte-mettmenstetten.ch\/wp-content\/uploads\/2023\/12\/Urteil-Strebel-1777-scaled.jpg 1313w\" sizes=\"auto, (max-width: 525px) 100vw, 525px\" \/><\/a><\/figure>\n\n\n\n<figure class=\"wp-block-image size-large\"><a href=\"https:\/\/x.dorfgeschichte-mettmenstetten.ch\/wp-content\/uploads\/2023\/12\/x1010-Kanzlei-Knonau-1777.jpg\"><img loading=\"lazy\" decoding=\"async\" width=\"586\" height=\"1024\" data-id=\"69\" src=\"https:\/\/x.dorfgeschichte-mettmenstetten.ch\/wp-content\/uploads\/2023\/12\/x1010-Kanzlei-Knonau-1777-586x1024.jpg\" alt=\"\" class=\"wp-image-69\" srcset=\"https:\/\/x.dorfgeschichte-mettmenstetten.ch\/wp-content\/uploads\/2023\/12\/x1010-Kanzlei-Knonau-1777-586x1024.jpg 586w, https:\/\/x.dorfgeschichte-mettmenstetten.ch\/wp-content\/uploads\/2023\/12\/x1010-Kanzlei-Knonau-1777-172x300.jpg 172w, https:\/\/x.dorfgeschichte-mettmenstetten.ch\/wp-content\/uploads\/2023\/12\/x1010-Kanzlei-Knonau-1777-768x1342.jpg 768w, https:\/\/x.dorfgeschichte-mettmenstetten.ch\/wp-content\/uploads\/2023\/12\/x1010-Kanzlei-Knonau-1777-879x1536.jpg 879w, https:\/\/x.dorfgeschichte-mettmenstetten.ch\/wp-content\/uploads\/2023\/12\/x1010-Kanzlei-Knonau-1777-1172x2048.jpg 1172w, https:\/\/x.dorfgeschichte-mettmenstetten.ch\/wp-content\/uploads\/2023\/12\/x1010-Kanzlei-Knonau-1777.jpg 1419w\" sizes=\"auto, (max-width: 586px) 100vw, 586px\" \/><\/a><figcaption class=\"wp-element-caption\">Minolta DSC<\/figcaption><\/figure>\n<\/figure>\n\n\n\n<p class=\"wp-block-paragraph\"><strong><em>\u00dcbersetzung: Hans Huber <\/em><\/strong><\/p>\n\n\n\n<p class=\"wp-block-paragraph\">Urtheil: 24th April 1777<\/p>\n\n\n\n<p class=\"wp-block-paragraph\">\u00dcber die entzw\u00fcschsend Johannes Hofstetter dem Beck zu Obere, danne Richter Jacob Huber genannt Schmid Joggli, und Jacob, und Johannes genannt: Schmid Schlo\u00dfers zu UndernMetmenstunden gewaltete Streitigkeit, wegen einer W\u00e4\u00dferung da die Huberen das Wasser durch des Hofstetters Baumgarten laut Canzleyischen Vergleich, Datiert d. 11. Merz ao. 1658 zuf\u00fchren gewollt haben. Hofstetter auch begehrt, da\u00df sie, soweit<br>als er oder sein Baumgarten an die Strasse sto\u00dfe , die Straa\u00df m\u00fcssen helfen machen. Ward auf angeh\u00f6rter f\u00fcr und wider bringen, Erdaurung der Sachen Beschaffenheit einhellig erkennt: Es solle ob angeregter Verglich best\u00e4tiget seyn, Hofstetters auch die Straa\u00df: weil er wie andere ober erw\u00e4hnt, er sei ne Straa\u00dfen selbst zu machen, \u00fcbernommen allein, ohne der Huberischen H\u00fclf, erweiteren und machen, wo und so weit und er anst\u00f6\u00dfig seyn. Den Fussweg betreffend: Sollen die Huberen laut obigem Vergleich, in Ehren halten, sobald als er Hofstetter wiederum einen durch seine Haus Matten, oder Baumgarten hinab, wie vor dem, haben wolle. Die Wa\u00dferleitung betreffend: Sollen die Huberen die M\u00e4ngel, wie sie all bereit angefangen, der Maur nach legen, und in Ehren halten.<br>Hofstetter aber auch, wo die M\u00e4ngel anfangen, die Straa\u00df verf\u00fcllen, damit das Wasser nicht in die Straa\u00df hinaus laufe. Welchem Theil aber dieser Urtheil nicht gefalle, der m\u00f6ge ein Augenschein begehren. Auch soll Hoffstetter 3. Pfund Gricht erlegen.<\/p>\n\n\n\n<p class=\"wp-block-paragraph\">Actum Donnerstags d. 24. April ao. 1777<br>Presentes: Herren Landvogt Rordorff, und<br>E: E: Herrschafft- Gericht.<br>Canzlei Knonau<\/p>\n<\/div>\n<\/div>\n<\/div>\n\n\n\n<div class=\"wp-block-column is-layout-flow wp-block-column-is-layout-flow\" style=\"flex-basis:25%\"><\/div>\n<\/div>\n","protected":false},"excerpt":{"rendered":"<p>Urteil 1777 Ausgangslage Johannes Hofstetter gegen Jacob und Johannes Schmid Schlossers wegen einer Wasserleitung durch Hofstetters Baumgarten. \u00dcbersetzung: Hans Huber Urtheil: 24th April 1777 \u00dcber die entzw\u00fcschsend Johannes Hofstetter dem Beck zu Obere, danne Richter Jacob Huber genannt Schmid Joggli, und Jacob, und Johannes genannt: Schmid Schlo\u00dfers zu UndernMetmenstunden gewaltete Streitigkeit, wegen einer W\u00e4\u00dferung da [&hellip;]<\/p>\n","protected":false},"author":2,"featured_media":0,"parent":0,"menu_order":0,"comment_status":"closed","ping_status":"closed","template":"","meta":{"site-sidebar-layout":"default","site-content-layout":"","ast-site-content-layout":"default","site-content-style":"default","site-sidebar-style":"default","ast-global-header-display":"","ast-banner-title-visibility":"","ast-main-header-display":"","ast-hfb-above-header-display":"","ast-hfb-below-header-display":"","ast-hfb-mobile-header-display":"","site-post-title":"disabled","ast-breadcrumbs-content":"","ast-featured-img":"","footer-sml-layout":"","theme-transparent-header-meta":"","adv-header-id-meta":"","stick-header-meta":"","header-above-stick-meta":"","header-main-stick-meta":"","header-below-stick-meta":"","astra-migrate-meta-layouts":"","ast-page-background-enabled":"default","ast-page-background-meta":{"desktop":{"background-color":"var(--ast-global-color-4)","background-image":"","background-repeat":"repeat","background-position":"center center","background-size":"auto","background-attachment":"scroll","background-type":"","background-media":"","overlay-type":"","overlay-color":"","overlay-opacity":"","overlay-gradient":""},"tablet":{"background-color":"","background-image":"","background-repeat":"repeat","background-position":"center center","background-size":"auto","background-attachment":"scroll","background-type":"","background-media":"","overlay-type":"","overlay-color":"","overlay-opacity":"","overlay-gradient":""},"mobile":{"background-color":"","background-image":"","background-repeat":"repeat","background-position":"center center","background-size":"auto","background-attachment":"scroll","background-type":"","background-media":"","overlay-type":"","overlay-color":"","overlay-opacity":"","overlay-gradient":""}},"ast-content-background-meta":{"desktop":{"background-color":"var(--ast-global-color-5)","background-image":"","background-repeat":"repeat","background-position":"center center","background-size":"auto","background-attachment":"scroll","background-type":"","background-media":"","overlay-type":"","overlay-color":"","overlay-opacity":"","overlay-gradient":""},"tablet":{"background-color":"var(--ast-global-color-5)","background-image":"","background-repeat":"repeat","background-position":"center center","background-size":"auto","background-attachment":"scroll","background-type":"","background-media":"","overlay-type":"","overlay-color":"","overlay-opacity":"","overlay-gradient":""},"mobile":{"background-color":"var(--ast-global-color-5)","background-image":"","background-repeat":"repeat","background-position":"center center","background-size":"auto","background-attachment":"scroll","background-type":"","background-media":"","overlay-type":"","overlay-color":"","overlay-opacity":"","overlay-gradient":""}},"footnotes":""},"class_list":["post-65","page","type-page","status-publish","hentry"],"_links":{"self":[{"href":"https:\/\/x.dorfgeschichte-mettmenstetten.ch\/index.php\/wp-json\/wp\/v2\/pages\/65","targetHints":{"allow":["GET"]}}],"collection":[{"href":"https:\/\/x.dorfgeschichte-mettmenstetten.ch\/index.php\/wp-json\/wp\/v2\/pages"}],"about":[{"href":"https:\/\/x.dorfgeschichte-mettmenstetten.ch\/index.php\/wp-json\/wp\/v2\/types\/page"}],"author":[{"embeddable":true,"href":"https:\/\/x.dorfgeschichte-mettmenstetten.ch\/index.php\/wp-json\/wp\/v2\/users\/2"}],"replies":[{"embeddable":true,"href":"https:\/\/x.dorfgeschichte-mettmenstetten.ch\/index.php\/wp-json\/wp\/v2\/comments?post=65"}],"version-history":[{"count":5,"href":"https:\/\/x.dorfgeschichte-mettmenstetten.ch\/index.php\/wp-json\/wp\/v2\/pages\/65\/revisions"}],"predecessor-version":[{"id":140,"href":"https:\/\/x.dorfgeschichte-mettmenstetten.ch\/index.php\/wp-json\/wp\/v2\/pages\/65\/revisions\/140"}],"wp:attachment":[{"href":"https:\/\/x.dorfgeschichte-mettmenstetten.ch\/index.php\/wp-json\/wp\/v2\/media?parent=65"}],"curies":[{"name":"wp","href":"https:\/\/api.w.org\/{rel}","templated":true}]}}

<div class="wp-block-columns is-layout-flex wp-container-core-columns-is-layout-7387b849 wp-block-columns-is-layout-flex">
<div class="wp-block-column is-layout-flow wp-block-column-is-layout-flow" style="flex-basis:15%"></div>



<div class="wp-block-column is-layout-flow wp-block-column-is-layout-flow" style="flex-basis:50%">
<div class="wp-block-columns is-layout-flex wp-container-core-columns-is-layout-7387b849 wp-block-columns-is-layout-flex">
<div class="wp-block-column is-layout-flow wp-block-column-is-layout-flow">
<p class="has-medium-font-size wp-block-paragraph"><strong>Urteil 1777 </strong> </p>



<p class="wp-block-paragraph"><strong>Ausgangslage</strong></p>



<p class="wp-block-paragraph">Johannes Hofstetter gegen Jacob und Johannes Schmid Schlossers wegen einer Wasserleitung durch Hofstetters Baumgarten.</p>



<div style="height:38px" aria-hidden="true" class="wp-block-spacer"></div>



<figure class="wp-block-gallery has-nested-images columns-default is-cropped wp-block-gallery-1 is-layout-flex wp-block-gallery-is-layout-flex">
<figure class="wp-block-image size-large"><a href="https://x.dorfgeschichte-mettmenstetten.ch/wp-content/uploads/2023/12/Urteil-Strebel-1777-scaled.jpg"><img loading="lazy" decoding="async" width="525" height="1024" data-id="71" src="https://x.dorfgeschichte-mettmenstetten.ch/wp-content/uploads/2023/12/Urteil-Strebel-1777-525x1024.jpg" alt="" class="wp-image-71" srcset="https://x.dorfgeschichte-mettmenstetten.ch/wp-content/uploads/2023/12/Urteil-Strebel-1777-525x1024.jpg 525w, https://x.dorfgeschichte-mettmenstetten.ch/wp-content/uploads/2023/12/Urteil-Strebel-1777-154x300.jpg 154w, https://x.dorfgeschichte-mettmenstetten.ch/wp-content/uploads/2023/12/Urteil-Strebel-1777-768x1497.jpg 768w, https://x.dorfgeschichte-mettmenstetten.ch/wp-content/uploads/2023/12/Urteil-Strebel-1777-788x1536.jpg 788w, https://x.dorfgeschichte-mettmenstetten.ch/wp-content/uploads/2023/12/Urteil-Strebel-1777-1051x2048.jpg 1051w, https://x.dorfgeschichte-mettmenstetten.ch/wp-content/uploads/2023/12/Urteil-Strebel-1777-scaled.jpg 1313w" sizes="auto, (max-width: 525px) 100vw, 525px" /></a></figure>



<figure class="wp-block-image size-large"><a href="https://x.dorfgeschichte-mettmenstetten.ch/wp-content/uploads/2023/12/x1010-Kanzlei-Knonau-1777.jpg"><img loading="lazy" decoding="async" width="586" height="1024" data-id="69" src="https://x.dorfgeschichte-mettmenstetten.ch/wp-content/uploads/2023/12/x1010-Kanzlei-Knonau-1777-586x1024.jpg" alt="" class="wp-image-69" srcset="https://x.dorfgeschichte-mettmenstetten.ch/wp-content/uploads/2023/12/x1010-Kanzlei-Knonau-1777-586x1024.jpg 586w, https://x.dorfgeschichte-mettmenstetten.ch/wp-content/uploads/2023/12/x1010-Kanzlei-Knonau-1777-172x300.jpg 172w, https://x.dorfgeschichte-mettmenstetten.ch/wp-content/uploads/2023/12/x1010-Kanzlei-Knonau-1777-768x1342.jpg 768w, https://x.dorfgeschichte-mettmenstetten.ch/wp-content/uploads/2023/12/x1010-Kanzlei-Knonau-1777-879x1536.jpg 879w, https://x.dorfgeschichte-mettmenstetten.ch/wp-content/uploads/2023/12/x1010-Kanzlei-Knonau-1777-1172x2048.jpg 1172w, https://x.dorfgeschichte-mettmenstetten.ch/wp-content/uploads/2023/12/x1010-Kanzlei-Knonau-1777.jpg 1419w" sizes="auto, (max-width: 586px) 100vw, 586px" /></a><figcaption class="wp-element-caption">Minolta DSC</figcaption></figure>
</figure>



<p class="wp-block-paragraph"><strong><em>Übersetzung: Hans Huber </em></strong></p>



<p class="wp-block-paragraph">Urtheil: 24th April 1777</p>



<p class="wp-block-paragraph">Über die entzwüschsend Johannes Hofstetter dem Beck zu Obere, danne Richter Jacob Huber genannt Schmid Joggli, und Jacob, und Johannes genannt: Schmid Schloßers zu UndernMetmenstunden gewaltete Streitigkeit, wegen einer Wäßerung da die Huberen das Wasser durch des Hofstetters Baumgarten laut Canzleyischen Vergleich, Datiert d. 11. Merz ao. 1658 zuführen gewollt haben. Hofstetter auch begehrt, daß sie, soweit<br>als er oder sein Baumgarten an die Strasse stoße , die Straaß müssen helfen machen. Ward auf angehörter für und wider bringen, Erdaurung der Sachen Beschaffenheit einhellig erkennt: Es solle ob angeregter Verglich bestätiget seyn, Hofstetters auch die Straaß: weil er wie andere ober erwähnt, er sei ne Straaßen selbst zu machen, übernommen allein, ohne der Huberischen Hülf, erweiteren und machen, wo und so weit und er anstößig seyn. Den Fussweg betreffend: Sollen die Huberen laut obigem Vergleich, in Ehren halten, sobald als er Hofstetter wiederum einen durch seine Haus Matten, oder Baumgarten hinab, wie vor dem, haben wolle. Die Waßerleitung betreffend: Sollen die Huberen die Mängel, wie sie all bereit angefangen, der Maur nach legen, und in Ehren halten.<br>Hofstetter aber auch, wo die Mängel anfangen, die Straaß verfüllen, damit das Wasser nicht in die Straaß hinaus laufe. Welchem Theil aber dieser Urtheil nicht gefalle, der möge ein Augenschein begehren. Auch soll Hoffstetter 3. Pfund Gricht erlegen.</p>



<p class="wp-block-paragraph">Actum Donnerstags d. 24. April ao. 1777<br>Presentes: Herren Landvogt Rordorff, und<br>E: E: Herrschafft- Gericht.<br>Canzlei Knonau</p>
</div>
</div>
</div>



<div class="wp-block-column is-layout-flow wp-block-column-is-layout-flow" style="flex-basis:25%"></div>
</div>

<p>Urteil 1777 Ausgangslage Johannes Hofstetter gegen Jacob und Johannes Schmid Schlossers wegen einer Wasserleitung durch Hofstetters Baumgarten. Übersetzung: Hans Huber Urtheil: 24th April 1777 Über die entzwüschsend Johannes Hofstetter dem Beck zu Obere, danne Richter Jacob Huber genannt Schmid Joggli, und Jacob, und Johannes genannt: Schmid Schloßers zu UndernMetmenstunden gewaltete Streitigkeit, wegen einer Wäßerung da [&hellip;]</p>
