{"id":230,"date":"2024-10-12T16:01:13","date_gmt":"2024-10-12T16:01:13","guid":{"rendered":"https:\/\/x.dorfgeschichte-mettmenstetten.ch\/?page_id=230"},"modified":"2024-10-13T08:26:14","modified_gmt":"2024-10-13T08:26:14","slug":"x0100","status":"publish","type":"page","link":"https:\/\/x.dorfgeschichte-mettmenstetten.ch\/index.php\/x0100\/","title":{"rendered":"X0100"},"content":{"rendered":"\n<div class=\"wp-block-columns is-layout-flex wp-container-core-columns-is-layout-7387b849 wp-block-columns-is-layout-flex\">\n<div class=\"wp-block-column is-layout-flow wp-block-column-is-layout-flow\" style=\"flex-basis:5%\"><\/div>\n\n\n\n<div class=\"wp-block-column is-layout-flow wp-block-column-is-layout-flow\" style=\"flex-basis:80%\">\n<p class=\"has-medium-font-size wp-block-paragraph\"><strong>Familien Zu- und \u00dcbernamen<\/strong><\/p>\n\n\n\n<p class=\"wp-block-paragraph\">Aufgezeichnet Anfangs 19th Jahrhundert von <strong>Hans Ulrich Vollenweider im Sternen<\/strong><\/p>\n\n\n\n<p class=\"wp-block-paragraph\">Zum gro\u00dfen Teil haften den eigentlichen hier eingeb\u00fcrgerten Familien seit Menschengedenken und zum Teil schon aus fr\u00fcheren Jahrhunderten allerlei Zunamen an und sie sind noch recht stark im Gebrauche. Wohl dienen im eigentlichen schriftlichen, brieflichen Verkehr nur Tauf- und Geschlechtsname, aber im Volksmunde und t\u00e4glichen, privaten Umgange gibt es halt Haushaltung die nicht ihren Zunamen nach gekennzeichnet w\u00e4ren und so sind diese Zunamen auch Heutzutage noch sozusagen unentbehrlich;<\/p>\n\n\n\n<p class=\"wp-block-paragraph\"><em>Drum m\u00f6gen hier die Bekanntesten derselben aufgezeichnet sein.<\/em><\/p>\n\n\n\n<div style=\"height:26px\" aria-hidden=\"true\" class=\"wp-block-spacer\"><\/div>\n\n\n\n<div class=\"wp-block-columns is-layout-flex wp-container-core-columns-is-layout-7387b849 wp-block-columns-is-layout-flex\">\n<div class=\"wp-block-column is-layout-flow wp-block-column-is-layout-flow\" style=\"flex-basis:230px\">\n<figure class=\"wp-block-image size-full is-resized\"><a href=\"https:\/\/x.dorfgeschichte-mettmenstetten.ch\/wp-content\/uploads\/2024\/10\/Spitznamen-01-2-scaled.jpg\" target=\"_blank\" rel=\"noreferrer noopener\"><img loading=\"lazy\" decoding=\"async\" width=\"1583\" height=\"2560\" src=\"https:\/\/x.dorfgeschichte-mettmenstetten.ch\/wp-content\/uploads\/2024\/10\/Spitznamen-01-2-scaled.jpg\" alt=\"\" class=\"wp-image-239\" style=\"width:141px;height:auto\" srcset=\"https:\/\/x.dorfgeschichte-mettmenstetten.ch\/wp-content\/uploads\/2024\/10\/Spitznamen-01-2-scaled.jpg 1583w, https:\/\/x.dorfgeschichte-mettmenstetten.ch\/wp-content\/uploads\/2024\/10\/Spitznamen-01-2-186x300.jpg 186w, https:\/\/x.dorfgeschichte-mettmenstetten.ch\/wp-content\/uploads\/2024\/10\/Spitznamen-01-2-633x1024.jpg 633w, https:\/\/x.dorfgeschichte-mettmenstetten.ch\/wp-content\/uploads\/2024\/10\/Spitznamen-01-2-768x1242.jpg 768w, https:\/\/x.dorfgeschichte-mettmenstetten.ch\/wp-content\/uploads\/2024\/10\/Spitznamen-01-2-950x1536.jpg 950w, https:\/\/x.dorfgeschichte-mettmenstetten.ch\/wp-content\/uploads\/2024\/10\/Spitznamen-01-2-1267x2048.jpg 1267w\" sizes=\"auto, (max-width: 1583px) 100vw, 1583px\" \/><\/a><figcaption class=\"wp-element-caption\">Seite 1<\/figcaption><\/figure>\n<\/div>\n\n\n\n<div class=\"wp-block-column is-layout-flow wp-block-column-is-layout-flow\" style=\"flex-basis:230px\">\n<figure class=\"wp-block-image size-large is-resized\"><a href=\"https:\/\/x.dorfgeschichte-mettmenstetten.ch\/wp-content\/uploads\/2024\/10\/Spitznamen-02-2.jpg\" target=\"_blank\" rel=\"noreferrer noopener\"><img loading=\"lazy\" decoding=\"async\" width=\"667\" height=\"1024\" src=\"https:\/\/x.dorfgeschichte-mettmenstetten.ch\/wp-content\/uploads\/2024\/10\/Spitznamen-02-2-667x1024.jpg\" alt=\"\" class=\"wp-image-240\" style=\"width:149px;height:auto\" srcset=\"https:\/\/x.dorfgeschichte-mettmenstetten.ch\/wp-content\/uploads\/2024\/10\/Spitznamen-02-2-667x1024.jpg 667w, https:\/\/x.dorfgeschichte-mettmenstetten.ch\/wp-content\/uploads\/2024\/10\/Spitznamen-02-2-195x300.jpg 195w, https:\/\/x.dorfgeschichte-mettmenstetten.ch\/wp-content\/uploads\/2024\/10\/Spitznamen-02-2-768x1179.jpg 768w, https:\/\/x.dorfgeschichte-mettmenstetten.ch\/wp-content\/uploads\/2024\/10\/Spitznamen-02-2-1001x1536.jpg 1001w, https:\/\/x.dorfgeschichte-mettmenstetten.ch\/wp-content\/uploads\/2024\/10\/Spitznamen-02-2-1334x2048.jpg 1334w, https:\/\/x.dorfgeschichte-mettmenstetten.ch\/wp-content\/uploads\/2024\/10\/Spitznamen-02-2.jpg 1630w\" sizes=\"auto, (max-width: 667px) 100vw, 667px\" \/><\/a><figcaption class=\"wp-element-caption\">Seite 2<\/figcaption><\/figure>\n<\/div>\n\n\n\n<div class=\"wp-block-column is-layout-flow wp-block-column-is-layout-flow\">\n<figure class=\"wp-block-image size-thumbnail is-resized\"><a href=\"https:\/\/x.dorfgeschichte-mettmenstetten.ch\/wp-content\/uploads\/2024\/10\/Spitznamen-03-2.jpg\" target=\"_blank\" rel=\"noreferrer noopener\"><img loading=\"lazy\" decoding=\"async\" width=\"150\" height=\"150\" src=\"https:\/\/x.dorfgeschichte-mettmenstetten.ch\/wp-content\/uploads\/2024\/10\/Spitznamen-03-2-150x150.jpg\" alt=\"\" class=\"wp-image-241\" style=\"width:197px;height:auto\"\/><\/a><figcaption class=\"wp-element-caption\">Seite 3<\/figcaption><\/figure>\n<\/div>\n<\/div>\n\n\n\n<div class=\"wp-block-columns is-layout-flex wp-container-core-columns-is-layout-7387b849 wp-block-columns-is-layout-flex\">\n<div class=\"wp-block-column is-layout-flow wp-block-column-is-layout-flow\"><\/div>\n<\/div>\n\n\n\n<div class=\"wp-block-columns is-layout-flex wp-container-core-columns-is-layout-7387b849 wp-block-columns-is-layout-flex\">\n<div class=\"wp-block-column is-layout-flow wp-block-column-is-layout-flow\" style=\"flex-basis:60%\"><\/div>\n\n\n\n<div class=\"wp-block-column is-layout-flow wp-block-column-is-layout-flow\"><\/div>\n<\/div>\n\n\n\n<div style=\"height:15px\" aria-hidden=\"true\" class=\"wp-block-spacer\"><\/div>\n<\/div>\n\n\n\n<div class=\"wp-block-column is-layout-flow wp-block-column-is-layout-flow\" style=\"flex-basis:5%\"><\/div>\n<\/div>\n","protected":false},"excerpt":{"rendered":"<p>Familien Zu- und \u00dcbernamen Aufgezeichnet Anfangs 19th Jahrhundert von Hans Ulrich Vollenweider im Sternen Zum gro\u00dfen Teil haften den eigentlichen hier eingeb\u00fcrgerten Familien seit Menschengedenken und zum Teil schon aus fr\u00fcheren Jahrhunderten allerlei Zunamen an und sie sind noch recht stark im Gebrauche. Wohl dienen im eigentlichen schriftlichen, brieflichen Verkehr nur Tauf- und Geschlechtsname, aber [&hellip;]<\/p>\n","protected":false},"author":2,"featured_media":0,"parent":0,"menu_order":0,"comment_status":"closed","ping_status":"closed","template":"","meta":{"site-sidebar-layout":"default","site-content-layout":"","ast-site-content-layout":"default","site-content-style":"default","site-sidebar-style":"default","ast-global-header-display":"","ast-banner-title-visibility":"","ast-main-header-display":"","ast-hfb-above-header-display":"","ast-hfb-below-header-display":"","ast-hfb-mobile-header-display":"","site-post-title":"disabled","ast-breadcrumbs-content":"","ast-featured-img":"","footer-sml-layout":"","theme-transparent-header-meta":"","adv-header-id-meta":"","stick-header-meta":"","header-above-stick-meta":"","header-main-stick-meta":"","header-below-stick-meta":"","astra-migrate-meta-layouts":"","ast-page-background-enabled":"default","ast-page-background-meta":{"desktop":{"background-color":"var(--ast-global-color-4)","background-image":"","background-repeat":"repeat","background-position":"center center","background-size":"auto","background-attachment":"scroll","background-type":"","background-media":"","overlay-type":"","overlay-color":"","overlay-opacity":"","overlay-gradient":""},"tablet":{"background-color":"","background-image":"","background-repeat":"repeat","background-position":"center center","background-size":"auto","background-attachment":"scroll","background-type":"","background-media":"","overlay-type":"","overlay-color":"","overlay-opacity":"","overlay-gradient":""},"mobile":{"background-color":"","background-image":"","background-repeat":"repeat","background-position":"center center","background-size":"auto","background-attachment":"scroll","background-type":"","background-media":"","overlay-type":"","overlay-color":"","overlay-opacity":"","overlay-gradient":""}},"ast-content-background-meta":{"desktop":{"background-color":"var(--ast-global-color-5)","background-image":"","background-repeat":"repeat","background-position":"center center","background-size":"auto","background-attachment":"scroll","background-type":"","background-media":"","overlay-type":"","overlay-color":"","overlay-opacity":"","overlay-gradient":""},"tablet":{"background-color":"var(--ast-global-color-5)","background-image":"","background-repeat":"repeat","background-position":"center center","background-size":"auto","background-attachment":"scroll","background-type":"","background-media":"","overlay-type":"","overlay-color":"","overlay-opacity":"","overlay-gradient":""},"mobile":{"background-color":"var(--ast-global-color-5)","background-image":"","background-repeat":"repeat","background-position":"center center","background-size":"auto","background-attachment":"scroll","background-type":"","background-media":"","overlay-type":"","overlay-color":"","overlay-opacity":"","overlay-gradient":""}},"footnotes":""},"class_list":["post-230","page","type-page","status-publish","hentry"],"_links":{"self":[{"href":"https:\/\/x.dorfgeschichte-mettmenstetten.ch\/index.php\/wp-json\/wp\/v2\/pages\/230","targetHints":{"allow":["GET"]}}],"collection":[{"href":"https:\/\/x.dorfgeschichte-mettmenstetten.ch\/index.php\/wp-json\/wp\/v2\/pages"}],"about":[{"href":"https:\/\/x.dorfgeschichte-mettmenstetten.ch\/index.php\/wp-json\/wp\/v2\/types\/page"}],"author":[{"embeddable":true,"href":"https:\/\/x.dorfgeschichte-mettmenstetten.ch\/index.php\/wp-json\/wp\/v2\/users\/2"}],"replies":[{"embeddable":true,"href":"https:\/\/x.dorfgeschichte-mettmenstetten.ch\/index.php\/wp-json\/wp\/v2\/comments?post=230"}],"version-history":[{"count":8,"href":"https:\/\/x.dorfgeschichte-mettmenstetten.ch\/index.php\/wp-json\/wp\/v2\/pages\/230\/revisions"}],"predecessor-version":[{"id":248,"href":"https:\/\/x.dorfgeschichte-mettmenstetten.ch\/index.php\/wp-json\/wp\/v2\/pages\/230\/revisions\/248"}],"wp:attachment":[{"href":"https:\/\/x.dorfgeschichte-mettmenstetten.ch\/index.php\/wp-json\/wp\/v2\/media?parent=230"}],"curies":[{"name":"wp","href":"https:\/\/api.w.org\/{rel}","templated":true}]}}

<div class="wp-block-columns is-layout-flex wp-container-core-columns-is-layout-7387b849 wp-block-columns-is-layout-flex">
<div class="wp-block-column is-layout-flow wp-block-column-is-layout-flow" style="flex-basis:5%"></div>



<div class="wp-block-column is-layout-flow wp-block-column-is-layout-flow" style="flex-basis:80%">
<p class="has-medium-font-size wp-block-paragraph"><strong>Familien Zu- und Übernamen</strong></p>



<p class="wp-block-paragraph">Aufgezeichnet Anfangs 19th Jahrhundert von <strong>Hans Ulrich Vollenweider im Sternen</strong></p>



<p class="wp-block-paragraph">Zum großen Teil haften den eigentlichen hier eingebürgerten Familien seit Menschengedenken und zum Teil schon aus früheren Jahrhunderten allerlei Zunamen an und sie sind noch recht stark im Gebrauche. Wohl dienen im eigentlichen schriftlichen, brieflichen Verkehr nur Tauf- und Geschlechtsname, aber im Volksmunde und täglichen, privaten Umgange gibt es halt Haushaltung die nicht ihren Zunamen nach gekennzeichnet wären und so sind diese Zunamen auch Heutzutage noch sozusagen unentbehrlich;</p>



<p class="wp-block-paragraph"><em>Drum mögen hier die Bekanntesten derselben aufgezeichnet sein.</em></p>



<div style="height:26px" aria-hidden="true" class="wp-block-spacer"></div>



<div class="wp-block-columns is-layout-flex wp-container-core-columns-is-layout-7387b849 wp-block-columns-is-layout-flex">
<div class="wp-block-column is-layout-flow wp-block-column-is-layout-flow" style="flex-basis:230px">
<figure class="wp-block-image size-full is-resized"><a href="https://x.dorfgeschichte-mettmenstetten.ch/wp-content/uploads/2024/10/Spitznamen-01-2-scaled.jpg" target="_blank" rel="noreferrer noopener"><img loading="lazy" decoding="async" width="1583" height="2560" src="https://x.dorfgeschichte-mettmenstetten.ch/wp-content/uploads/2024/10/Spitznamen-01-2-scaled.jpg" alt="" class="wp-image-239" style="width:141px;height:auto" srcset="https://x.dorfgeschichte-mettmenstetten.ch/wp-content/uploads/2024/10/Spitznamen-01-2-scaled.jpg 1583w, https://x.dorfgeschichte-mettmenstetten.ch/wp-content/uploads/2024/10/Spitznamen-01-2-186x300.jpg 186w, https://x.dorfgeschichte-mettmenstetten.ch/wp-content/uploads/2024/10/Spitznamen-01-2-633x1024.jpg 633w, https://x.dorfgeschichte-mettmenstetten.ch/wp-content/uploads/2024/10/Spitznamen-01-2-768x1242.jpg 768w, https://x.dorfgeschichte-mettmenstetten.ch/wp-content/uploads/2024/10/Spitznamen-01-2-950x1536.jpg 950w, https://x.dorfgeschichte-mettmenstetten.ch/wp-content/uploads/2024/10/Spitznamen-01-2-1267x2048.jpg 1267w" sizes="auto, (max-width: 1583px) 100vw, 1583px" /></a><figcaption class="wp-element-caption">Seite 1</figcaption></figure>
</div>



<div class="wp-block-column is-layout-flow wp-block-column-is-layout-flow" style="flex-basis:230px">
<figure class="wp-block-image size-large is-resized"><a href="https://x.dorfgeschichte-mettmenstetten.ch/wp-content/uploads/2024/10/Spitznamen-02-2.jpg" target="_blank" rel="noreferrer noopener"><img loading="lazy" decoding="async" width="667" height="1024" src="https://x.dorfgeschichte-mettmenstetten.ch/wp-content/uploads/2024/10/Spitznamen-02-2-667x1024.jpg" alt="" class="wp-image-240" style="width:149px;height:auto" srcset="https://x.dorfgeschichte-mettmenstetten.ch/wp-content/uploads/2024/10/Spitznamen-02-2-667x1024.jpg 667w, https://x.dorfgeschichte-mettmenstetten.ch/wp-content/uploads/2024/10/Spitznamen-02-2-195x300.jpg 195w, https://x.dorfgeschichte-mettmenstetten.ch/wp-content/uploads/2024/10/Spitznamen-02-2-768x1179.jpg 768w, https://x.dorfgeschichte-mettmenstetten.ch/wp-content/uploads/2024/10/Spitznamen-02-2-1001x1536.jpg 1001w, https://x.dorfgeschichte-mettmenstetten.ch/wp-content/uploads/2024/10/Spitznamen-02-2-1334x2048.jpg 1334w, https://x.dorfgeschichte-mettmenstetten.ch/wp-content/uploads/2024/10/Spitznamen-02-2.jpg 1630w" sizes="auto, (max-width: 667px) 100vw, 667px" /></a><figcaption class="wp-element-caption">Seite 2</figcaption></figure>
</div>



<div class="wp-block-column is-layout-flow wp-block-column-is-layout-flow">
<figure class="wp-block-image size-thumbnail is-resized"><a href="https://x.dorfgeschichte-mettmenstetten.ch/wp-content/uploads/2024/10/Spitznamen-03-2.jpg" target="_blank" rel="noreferrer noopener"><img loading="lazy" decoding="async" width="150" height="150" src="https://x.dorfgeschichte-mettmenstetten.ch/wp-content/uploads/2024/10/Spitznamen-03-2-150x150.jpg" alt="" class="wp-image-241" style="width:197px;height:auto"/></a><figcaption class="wp-element-caption">Seite 3</figcaption></figure>
</div>
</div>



<div class="wp-block-columns is-layout-flex wp-container-core-columns-is-layout-7387b849 wp-block-columns-is-layout-flex">
<div class="wp-block-column is-layout-flow wp-block-column-is-layout-flow"></div>
</div>



<div class="wp-block-columns is-layout-flex wp-container-core-columns-is-layout-7387b849 wp-block-columns-is-layout-flex">
<div class="wp-block-column is-layout-flow wp-block-column-is-layout-flow" style="flex-basis:60%"></div>



<div class="wp-block-column is-layout-flow wp-block-column-is-layout-flow"></div>
</div>



<div style="height:15px" aria-hidden="true" class="wp-block-spacer"></div>
</div>



<div class="wp-block-column is-layout-flow wp-block-column-is-layout-flow" style="flex-basis:5%"></div>
</div>

<p>Familien Zu- und Übernamen Aufgezeichnet Anfangs 19th Jahrhundert von Hans Ulrich Vollenweider im Sternen Zum großen Teil haften den eigentlichen hier eingebürgerten Familien seit Menschengedenken und zum Teil schon aus früheren Jahrhunderten allerlei Zunamen an und sie sind noch recht stark im Gebrauche. Wohl dienen im eigentlichen schriftlichen, brieflichen Verkehr nur Tauf- und Geschlechtsname, aber [&hellip;]</p>
