{"id":132,"date":"2023-12-14T10:03:02","date_gmt":"2023-12-14T10:03:02","guid":{"rendered":"https:\/\/x.dorfgeschichte-mettmenstetten.ch\/?page_id=132"},"modified":"2023-12-14T10:05:11","modified_gmt":"2023-12-14T10:05:11","slug":"x1008","status":"publish","type":"page","link":"https:\/\/x.dorfgeschichte-mettmenstetten.ch\/index.php\/x1008\/","title":{"rendered":"X1008"},"content":{"rendered":"\n<div class=\"wp-block-columns is-layout-flex wp-container-core-columns-is-layout-7387b849 wp-block-columns-is-layout-flex\">\n<div class=\"wp-block-column is-layout-flow wp-block-column-is-layout-flow\" style=\"flex-basis:15%\"><\/div>\n\n\n\n<div class=\"wp-block-column is-layout-flow wp-block-column-is-layout-flow\" style=\"flex-basis:50%\">\n<p class=\"wp-block-paragraph\"><strong>Ausgangslage<\/strong><\/p>\n\n\n\n<p class=\"wp-block-paragraph\">Kaufbrief zwischen Heinrich Vollenweider und Heinrich Kleiner<\/p>\n\n\n\n<figure class=\"wp-block-gallery has-nested-images columns-2 is-cropped wp-block-gallery-1 is-layout-flex wp-block-gallery-is-layout-flex\">\n<figure class=\"wp-block-image size-large\"><a href=\"https:\/\/x.dorfgeschichte-mettmenstetten.ch\/wp-content\/uploads\/2023\/12\/X1008-Vollenweider-Kleiner-01.jpg\"><img loading=\"lazy\" decoding=\"async\" width=\"630\" height=\"1024\" data-id=\"133\" src=\"https:\/\/x.dorfgeschichte-mettmenstetten.ch\/wp-content\/uploads\/2023\/12\/X1008-Vollenweider-Kleiner-01-630x1024.jpg\" alt=\"\" class=\"wp-image-133\" srcset=\"https:\/\/x.dorfgeschichte-mettmenstetten.ch\/wp-content\/uploads\/2023\/12\/X1008-Vollenweider-Kleiner-01-630x1024.jpg 630w, https:\/\/x.dorfgeschichte-mettmenstetten.ch\/wp-content\/uploads\/2023\/12\/X1008-Vollenweider-Kleiner-01-185x300.jpg 185w, https:\/\/x.dorfgeschichte-mettmenstetten.ch\/wp-content\/uploads\/2023\/12\/X1008-Vollenweider-Kleiner-01-768x1248.jpg 768w, https:\/\/x.dorfgeschichte-mettmenstetten.ch\/wp-content\/uploads\/2023\/12\/X1008-Vollenweider-Kleiner-01.jpg 844w\" sizes=\"auto, (max-width: 630px) 100vw, 630px\" \/><\/a><\/figure>\n\n\n\n<figure class=\"wp-block-image size-large\"><a href=\"https:\/\/x.dorfgeschichte-mettmenstetten.ch\/wp-content\/uploads\/2023\/12\/X1008-Kaufbrief-Vollenweider-Kleiner-02.jpg\"><img loading=\"lazy\" decoding=\"async\" width=\"732\" height=\"1024\" data-id=\"134\" src=\"https:\/\/x.dorfgeschichte-mettmenstetten.ch\/wp-content\/uploads\/2023\/12\/X1008-Kaufbrief-Vollenweider-Kleiner-02-732x1024.jpg\" alt=\"\" class=\"wp-image-134\" srcset=\"https:\/\/x.dorfgeschichte-mettmenstetten.ch\/wp-content\/uploads\/2023\/12\/X1008-Kaufbrief-Vollenweider-Kleiner-02-732x1024.jpg 732w, https:\/\/x.dorfgeschichte-mettmenstetten.ch\/wp-content\/uploads\/2023\/12\/X1008-Kaufbrief-Vollenweider-Kleiner-02-214x300.jpg 214w, https:\/\/x.dorfgeschichte-mettmenstetten.ch\/wp-content\/uploads\/2023\/12\/X1008-Kaufbrief-Vollenweider-Kleiner-02-768x1075.jpg 768w, https:\/\/x.dorfgeschichte-mettmenstetten.ch\/wp-content\/uploads\/2023\/12\/X1008-Kaufbrief-Vollenweider-Kleiner-02-1097x1536.jpg 1097w, https:\/\/x.dorfgeschichte-mettmenstetten.ch\/wp-content\/uploads\/2023\/12\/X1008-Kaufbrief-Vollenweider-Kleiner-02-1463x2048.jpg 1463w, https:\/\/x.dorfgeschichte-mettmenstetten.ch\/wp-content\/uploads\/2023\/12\/X1008-Kaufbrief-Vollenweider-Kleiner-02.jpg 1809w\" sizes=\"auto, (max-width: 732px) 100vw, 732px\" \/><\/a><\/figure>\n<\/figure>\n\n\n\n<div style=\"height:51px\" aria-hidden=\"true\" class=\"wp-block-spacer\"><\/div>\n\n\n\n<p class=\"wp-block-paragraph\"><strong>\u00dcbersetzung<\/strong>: <em> maschinell <\/em><\/p>\n\n\n\n<p class=\"wp-block-paragraph\">Kund und zu Wissen sey allermanniglich mit diesem Brief, da\u00df Heinrich Vollenweider Rudolfen sich zu Wei\u00dfenbach, um seines mehr und besseren Nuzens willen, dem Hans Heinrich Kleiner zu Untermetmenstetten, im<br>Bezirk Knonau gelegen, aufrecht und redlich verkaufte.<br>in Kraft dieses Briefs zu kaufen gegeben.<br>Zesetenfrei.<br>Mit Namen Der dritte Theil von einer Matten gut. Hausmatten oder<br>Baumgarten, wie solche ausgemarchet; sto\u00dft, oben an Kirchweger Kleiner Matten, vorven an Herr Gemeindammann<br>Matten, unten an K\u00e4ufers Matten, und hinten an<br>Joseph Kleiners Matten.<br>Sur Ledig bis an Zehenden gewohrte Stund und Brauch, weder<br>da\u00df solche mit den davon getheilt und verbauften Geb\u00e4uden<br>und G\u00fctern, im Kernenzins, und um 200 \/: Hchtst, Jbr. Quartier\u00ac<br>hauptmann Wei\u00dfen vl. Erb., um 200 E. Hgtest. Herr Doctor Hans<br>v.<br>\u0192<br>Lassar Hiszel im Telsenhof, und um 115\/E. Hitzt. Jhr. Susanna<br>Frie\u00df, verhaft und verschrieben, und soviel der Lanzley<br>er\u00f6ffnet worden, und lt, ihrer Vorfahren sel. Protocollen<br>bekannt<br>Kauf um Einhunderte, seelig Gulden v\u00f6lzt, so bezahlt seien.<br>Abbund der Gestalt da\u00df K\u00e4ufer und seine Nachbommen, diesen<br>Kauf in Steg und Weg, Wa\u00dfer und Wasserrechten, zu und zu\u00ac<br>geh\u00f6rd, sowie es Verk\u00e4ufer\u201c und seine Vorfahren ingehabt<br>besizend bewerben wegen getreulich &amp; ohngef\u00e4hrlich.<br>Dessen zu wahrer Urkund: hat der Hofgeachte Herr Jacob<br>Stehlis. Oberl\u00e4nnern Mitglied des grossen Raths und<br>Praesident des Bezirkgerichts Whonau, diesen Brief mit dem<br>gewohnten Bezirbsiegel, (:wi: \u201eohl ihme und seinen Erb, in<br>Allweg ohne Schaden, \/bekr\u00e4ftig Dergebend. Martini.<br>1832.<br>Besigelt den i\u00dfen May 1833.<br>der Gerichtspr\u00e4sident.<br>J. Jb Stehl.<br>en, Landschreiber zu Kuouau<br>Johann Jacob M.<br>K\u00f6rper<\/p>\n<\/div>\n\n\n\n<div class=\"wp-block-column is-layout-flow wp-block-column-is-layout-flow\" style=\"flex-basis:25%\"><\/div>\n<\/div>\n","protected":false},"excerpt":{"rendered":"<p>Ausgangslage Kaufbrief zwischen Heinrich Vollenweider und Heinrich Kleiner \u00dcbersetzung: maschinell Kund und zu Wissen sey allermanniglich mit diesem Brief, da\u00df Heinrich Vollenweider Rudolfen sich zu Wei\u00dfenbach, um seines mehr und besseren Nuzens willen, dem Hans Heinrich Kleiner zu Untermetmenstetten, imBezirk Knonau gelegen, aufrecht und redlich verkaufte.in Kraft dieses Briefs zu kaufen gegeben.Zesetenfrei.Mit Namen Der dritte [&hellip;]<\/p>\n","protected":false},"author":2,"featured_media":0,"parent":0,"menu_order":0,"comment_status":"closed","ping_status":"closed","template":"","meta":{"site-sidebar-layout":"default","site-content-layout":"","ast-site-content-layout":"default","site-content-style":"default","site-sidebar-style":"default","ast-global-header-display":"","ast-banner-title-visibility":"","ast-main-header-display":"","ast-hfb-above-header-display":"","ast-hfb-below-header-display":"","ast-hfb-mobile-header-display":"","site-post-title":"disabled","ast-breadcrumbs-content":"","ast-featured-img":"","footer-sml-layout":"","theme-transparent-header-meta":"","adv-header-id-meta":"","stick-header-meta":"","header-above-stick-meta":"","header-main-stick-meta":"","header-below-stick-meta":"","astra-migrate-meta-layouts":"","ast-page-background-enabled":"default","ast-page-background-meta":{"desktop":{"background-color":"var(--ast-global-color-4)","background-image":"","background-repeat":"repeat","background-position":"center center","background-size":"auto","background-attachment":"scroll","background-type":"","background-media":"","overlay-type":"","overlay-color":"","overlay-opacity":"","overlay-gradient":""},"tablet":{"background-color":"","background-image":"","background-repeat":"repeat","background-position":"center center","background-size":"auto","background-attachment":"scroll","background-type":"","background-media":"","overlay-type":"","overlay-color":"","overlay-opacity":"","overlay-gradient":""},"mobile":{"background-color":"","background-image":"","background-repeat":"repeat","background-position":"center center","background-size":"auto","background-attachment":"scroll","background-type":"","background-media":"","overlay-type":"","overlay-color":"","overlay-opacity":"","overlay-gradient":""}},"ast-content-background-meta":{"desktop":{"background-color":"var(--ast-global-color-5)","background-image":"","background-repeat":"repeat","background-position":"center center","background-size":"auto","background-attachment":"scroll","background-type":"","background-media":"","overlay-type":"","overlay-color":"","overlay-opacity":"","overlay-gradient":""},"tablet":{"background-color":"var(--ast-global-color-5)","background-image":"","background-repeat":"repeat","background-position":"center center","background-size":"auto","background-attachment":"scroll","background-type":"","background-media":"","overlay-type":"","overlay-color":"","overlay-opacity":"","overlay-gradient":""},"mobile":{"background-color":"var(--ast-global-color-5)","background-image":"","background-repeat":"repeat","background-position":"center center","background-size":"auto","background-attachment":"scroll","background-type":"","background-media":"","overlay-type":"","overlay-color":"","overlay-opacity":"","overlay-gradient":""}},"footnotes":""},"class_list":["post-132","page","type-page","status-publish","hentry"],"_links":{"self":[{"href":"https:\/\/x.dorfgeschichte-mettmenstetten.ch\/index.php\/wp-json\/wp\/v2\/pages\/132","targetHints":{"allow":["GET"]}}],"collection":[{"href":"https:\/\/x.dorfgeschichte-mettmenstetten.ch\/index.php\/wp-json\/wp\/v2\/pages"}],"about":[{"href":"https:\/\/x.dorfgeschichte-mettmenstetten.ch\/index.php\/wp-json\/wp\/v2\/types\/page"}],"author":[{"embeddable":true,"href":"https:\/\/x.dorfgeschichte-mettmenstetten.ch\/index.php\/wp-json\/wp\/v2\/users\/2"}],"replies":[{"embeddable":true,"href":"https:\/\/x.dorfgeschichte-mettmenstetten.ch\/index.php\/wp-json\/wp\/v2\/comments?post=132"}],"version-history":[{"count":4,"href":"https:\/\/x.dorfgeschichte-mettmenstetten.ch\/index.php\/wp-json\/wp\/v2\/pages\/132\/revisions"}],"predecessor-version":[{"id":138,"href":"https:\/\/x.dorfgeschichte-mettmenstetten.ch\/index.php\/wp-json\/wp\/v2\/pages\/132\/revisions\/138"}],"wp:attachment":[{"href":"https:\/\/x.dorfgeschichte-mettmenstetten.ch\/index.php\/wp-json\/wp\/v2\/media?parent=132"}],"curies":[{"name":"wp","href":"https:\/\/api.w.org\/{rel}","templated":true}]}}

<div class="wp-block-columns is-layout-flex wp-container-core-columns-is-layout-7387b849 wp-block-columns-is-layout-flex">
<div class="wp-block-column is-layout-flow wp-block-column-is-layout-flow" style="flex-basis:15%"></div>



<div class="wp-block-column is-layout-flow wp-block-column-is-layout-flow" style="flex-basis:50%">
<p class="wp-block-paragraph"><strong>Ausgangslage</strong></p>



<p class="wp-block-paragraph">Kaufbrief zwischen Heinrich Vollenweider und Heinrich Kleiner</p>



<figure class="wp-block-gallery has-nested-images columns-2 is-cropped wp-block-gallery-1 is-layout-flex wp-block-gallery-is-layout-flex">
<figure class="wp-block-image size-large"><a href="https://x.dorfgeschichte-mettmenstetten.ch/wp-content/uploads/2023/12/X1008-Vollenweider-Kleiner-01.jpg"><img loading="lazy" decoding="async" width="630" height="1024" data-id="133" src="https://x.dorfgeschichte-mettmenstetten.ch/wp-content/uploads/2023/12/X1008-Vollenweider-Kleiner-01-630x1024.jpg" alt="" class="wp-image-133" srcset="https://x.dorfgeschichte-mettmenstetten.ch/wp-content/uploads/2023/12/X1008-Vollenweider-Kleiner-01-630x1024.jpg 630w, https://x.dorfgeschichte-mettmenstetten.ch/wp-content/uploads/2023/12/X1008-Vollenweider-Kleiner-01-185x300.jpg 185w, https://x.dorfgeschichte-mettmenstetten.ch/wp-content/uploads/2023/12/X1008-Vollenweider-Kleiner-01-768x1248.jpg 768w, https://x.dorfgeschichte-mettmenstetten.ch/wp-content/uploads/2023/12/X1008-Vollenweider-Kleiner-01.jpg 844w" sizes="auto, (max-width: 630px) 100vw, 630px" /></a></figure>



<figure class="wp-block-image size-large"><a href="https://x.dorfgeschichte-mettmenstetten.ch/wp-content/uploads/2023/12/X1008-Kaufbrief-Vollenweider-Kleiner-02.jpg"><img loading="lazy" decoding="async" width="732" height="1024" data-id="134" src="https://x.dorfgeschichte-mettmenstetten.ch/wp-content/uploads/2023/12/X1008-Kaufbrief-Vollenweider-Kleiner-02-732x1024.jpg" alt="" class="wp-image-134" srcset="https://x.dorfgeschichte-mettmenstetten.ch/wp-content/uploads/2023/12/X1008-Kaufbrief-Vollenweider-Kleiner-02-732x1024.jpg 732w, https://x.dorfgeschichte-mettmenstetten.ch/wp-content/uploads/2023/12/X1008-Kaufbrief-Vollenweider-Kleiner-02-214x300.jpg 214w, https://x.dorfgeschichte-mettmenstetten.ch/wp-content/uploads/2023/12/X1008-Kaufbrief-Vollenweider-Kleiner-02-768x1075.jpg 768w, https://x.dorfgeschichte-mettmenstetten.ch/wp-content/uploads/2023/12/X1008-Kaufbrief-Vollenweider-Kleiner-02-1097x1536.jpg 1097w, https://x.dorfgeschichte-mettmenstetten.ch/wp-content/uploads/2023/12/X1008-Kaufbrief-Vollenweider-Kleiner-02-1463x2048.jpg 1463w, https://x.dorfgeschichte-mettmenstetten.ch/wp-content/uploads/2023/12/X1008-Kaufbrief-Vollenweider-Kleiner-02.jpg 1809w" sizes="auto, (max-width: 732px) 100vw, 732px" /></a></figure>
</figure>



<div style="height:51px" aria-hidden="true" class="wp-block-spacer"></div>



<p class="wp-block-paragraph"><strong>Übersetzung</strong>: <em> maschinell </em></p>



<p class="wp-block-paragraph">Kund und zu Wissen sey allermanniglich mit diesem Brief, daß Heinrich Vollenweider Rudolfen sich zu Weißenbach, um seines mehr und besseren Nuzens willen, dem Hans Heinrich Kleiner zu Untermetmenstetten, im<br>Bezirk Knonau gelegen, aufrecht und redlich verkaufte.<br>in Kraft dieses Briefs zu kaufen gegeben.<br>Zesetenfrei.<br>Mit Namen Der dritte Theil von einer Matten gut. Hausmatten oder<br>Baumgarten, wie solche ausgemarchet; stoßt, oben an Kirchweger Kleiner Matten, vorven an Herr Gemeindammann<br>Matten, unten an Käufers Matten, und hinten an<br>Joseph Kleiners Matten.<br>Sur Ledig bis an Zehenden gewohrte Stund und Brauch, weder<br>daß solche mit den davon getheilt und verbauften Gebäuden<br>und Gütern, im Kernenzins, und um 200 /: Hchtst, Jbr. Quartier¬<br>hauptmann Weißen vl. Erb., um 200 E. Hgtest. Herr Doctor Hans<br>v.<br>ƒ<br>Lassar Hiszel im Telsenhof, und um 115/E. Hitzt. Jhr. Susanna<br>Frieß, verhaft und verschrieben, und soviel der Lanzley<br>eröffnet worden, und lt, ihrer Vorfahren sel. Protocollen<br>bekannt<br>Kauf um Einhunderte, seelig Gulden völzt, so bezahlt seien.<br>Abbund der Gestalt daß Käufer und seine Nachbommen, diesen<br>Kauf in Steg und Weg, Waßer und Wasserrechten, zu und zu¬<br>gehörd, sowie es Verkäufer“ und seine Vorfahren ingehabt<br>besizend bewerben wegen getreulich &amp; ohngefährlich.<br>Dessen zu wahrer Urkund: hat der Hofgeachte Herr Jacob<br>Stehlis. Oberlännern Mitglied des grossen Raths und<br>Praesident des Bezirkgerichts Whonau, diesen Brief mit dem<br>gewohnten Bezirbsiegel, (:wi: „ohl ihme und seinen Erb, in<br>Allweg ohne Schaden, /bekräftig Dergebend. Martini.<br>1832.<br>Besigelt den ißen May 1833.<br>der Gerichtspräsident.<br>J. Jb Stehl.<br>en, Landschreiber zu Kuouau<br>Johann Jacob M.<br>Körper</p>
</div>



<div class="wp-block-column is-layout-flow wp-block-column-is-layout-flow" style="flex-basis:25%"></div>
</div>

<p>Ausgangslage Kaufbrief zwischen Heinrich Vollenweider und Heinrich Kleiner Übersetzung: maschinell Kund und zu Wissen sey allermanniglich mit diesem Brief, daß Heinrich Vollenweider Rudolfen sich zu Weißenbach, um seines mehr und besseren Nuzens willen, dem Hans Heinrich Kleiner zu Untermetmenstetten, imBezirk Knonau gelegen, aufrecht und redlich verkaufte.in Kraft dieses Briefs zu kaufen gegeben.Zesetenfrei.Mit Namen Der dritte [&hellip;]</p>
